103.143.207.18 - - [18/Jun/2026:05:30:24 +0200] "GET /wp-login.php HTTP/2" 200 974 "-" "Mozilla/5.0 (Windows NT 10.0; Win64; x64; rv:133.0) Gecko/20100101 Firefox/133.0"
103.143.207.18 - - [18/Jun/2026:05:30:41 +0200] "POST /wp-login.php HTTP/2" 200 0 "https://test1.therahuldas.com/wp-login.php" "Mozilla/5.0 (Windows NT 10.0; Win64; x64; rv:133.0) Gecko/20100101 Firefox/133.0"
65.21.228.101 - - [18/Jun/2026:05:36:08 +0200] "POST /wp-cron.php?doing_wp_cron=1781753768.5072100162506103515625 HTTP/1.1" 200 0 "-" "WordPress/7.0; https://test1.therahuldas.com"
65.21.228.101 - - [18/Jun/2026:05:45:37 +0200] "POST /wp-cron.php?doing_wp_cron=1781754337.9103190898895263671875 HTTP/1.1" 200 0 "-" "WordPress/7.0; https://test1.therahuldas.com"
94.237.25.144 - - [18/Jun/2026:05:43:21 +0200] "GET /wp-login.php HTTP/2" 200 974 "-" "Mozilla/5.0 (Macintosh; Intel Mac OS X 10_15_7) AppleWebKit/537.36 (KHTML, like Gecko) Chrome/133.0.0.0 Safari/537.36"
94.237.25.144 - - [18/Jun/2026:05:43:21 +0200] "POST /wp-login.php HTTP/2" 200 974 "https://test1.therahuldas.com/wp-login.php" "Mozilla/5.0 (Macintosh; Intel Mac OS X 10_15_7) AppleWebKit/537.36 (KHTML, like Gecko) Chrome/133.0.0.0 Safari/537.36"
65.21.228.101 - - [18/Jun/2026:05:44:28 +0200] "POST /wp-cron.php?doing_wp_cron=1781754268.0318069458007812500000 HTTP/1.1" 200 0 "-" "WordPress/7.0; https://test1.therahuldas.com"
65.21.228.101 - - [18/Jun/2026:05:44:36 +0200] "POST /wp-cron.php?doing_wp_cron=1781754276.6815979480743408203125 HTTP/1.1" 200 0 "-" "WordPress/7.0; https://test1.therahuldas.com"
137.184.90.64 - - [18/Jun/2026:05:50:05 +0200] "GET /wp-login.php HTTP/2" 200 974 "-" "Mozilla/5.0 (Windows NT 10.0; Win64; x64) AppleWebKit/537.36 (KHTML, like Gecko) Chrome/120.0.0.0 Safari/537.36"
62.210.185.3 - - [18/Jun/2026:05:55:16 +0200] "GET /wp-login.php HTTP/2" 200 974 "-" "Mozilla/5.0 (X11; Linux i686) AppleWebKit/537.36 (KHTML, like Gecko) Chrome/133.0.0.0 Safari/537.36"
62.210.185.3 - - [18/Jun/2026:05:55:17 +0200] "POST /wp-login.php HTTP/2" 200 974 "https://test1.therahuldas.com/wp-login.php" "Mozilla/5.0 (X11; Linux i686) AppleWebKit/537.36 (KHTML, like Gecko) Chrome/133.0.0.0 Safari/537.36"
207.246.106.68 - - [18/Jun/2026:05:59:49 +0200] "GET /wp-login.php HTTP/2" 200 974 "-" "Mozilla/5.0 (Windows NT 10.0; Win64; x64) AppleWebKit/537.36 (KHTML, like Gecko) Chrome/120.0.0.0 Safari/537.36"
65.21.228.101 - - [18/Jun/2026:06:00:04 +0200] "POST /wp-cron.php?doing_wp_cron=1781755204.1520950794219970703125 HTTP/1.1" 200 0 "-" "WordPress/7.0; https://test1.therahuldas.com"
65.21.228.101 - - [18/Jun/2026:06:01:02 +0200] "POST /wp-cron.php?doing_wp_cron=1781755262.2668070793151855468750 HTTP/1.1" 200 0 "-" "WordPress/7.0; https://test1.therahuldas.com"
143.110.183.208 - - [18/Jun/2026:06:02:53 +0200] "GET /wp-login.php HTTP/2" 200 974 "-" "Mozilla/5.0 (X11; CrOS x86_64 14541.0.0) AppleWebKit/537.36 (KHTML, like Gecko) Chrome/133.0.0.0 Safari/537.36"
143.110.183.208 - - [18/Jun/2026:06:02:53 +0200] "POST /wp-login.php HTTP/2" 200 974 "https://test1.therahuldas.com/wp-login.php" "Mozilla/5.0 (X11; CrOS x86_64 14541.0.0) AppleWebKit/537.36 (KHTML, like Gecko) Chrome/133.0.0.0 Safari/537.36"
192.185.4.166 - - [18/Jun/2026:06:02:47 +0200] "GET /wp-login.php HTTP/2" 200 974 "-" "Mozilla/5.0 (Windows NT 10.0; Win64; x64) AppleWebKit/537.36 (KHTML, like Gecko) Chrome/120.0.0.0 Safari/537.36"
38.49.217.60 - - [18/Jun/2026:06:11:57 +0200] "GET /wp-login.php HTTP/2" 200 974 "-" "Mozilla/5.0 (Windows NT 10.0; Win64; x64) AppleWebKit/537.36 (KHTML, like Gecko) Chrome/120.0.0.0 Safari/537.36"
65.21.228.101 - - [18/Jun/2026:06:30:02 +0200] "POST /wp-cron.php?doing_wp_cron=1781757002.6902968883514404296875 HTTP/1.1" 200 0 "-" "WordPress/7.0; https://test1.therahuldas.com"
143.110.183.208 - - [18/Jun/2026:06:20:58 +0200] "GET /wp-login.php HTTP/2" 200 974 "-" "Mozilla/5.0 (Windows NT 10.0; Win64; x64) AppleWebKit/537.36 (KHTML, like Gecko) Chrome/133.0.0.0 Safari/537.36 Edg/133.0.0.0"
143.110.183.208 - - [18/Jun/2026:06:20:58 +0200] "POST /wp-login.php HTTP/2" 200 974 "https://test1.therahuldas.com/wp-login.php" "Mozilla/5.0 (Windows NT 10.0; Win64; x64) AppleWebKit/537.36 (KHTML, like Gecko) Chrome/133.0.0.0 Safari/537.36 Edg/133.0.0.0"
103.119.139.118 - - [18/Jun/2026:06:24:50 +0200] "GET /wp-login.php HTTP/2" 200 974 "-" "Mozilla/5.0 (Windows NT 10.0; Win64; x64; rv:133.0) Gecko/20100101 Firefox/133.0"
103.119.139.118 - - [18/Jun/2026:06:24:51 +0200] "POST /wp-login.php HTTP/2" 200 974 "https://test1.therahuldas.com/wp-login.php" "Mozilla/5.0 (Windows NT 10.0; Win64; x64; rv:133.0) Gecko/20100101 Firefox/133.0"
65.21.228.101 - - [18/Jun/2026:06:24:02 +0200] "POST /wp-cron.php?doing_wp_cron=1781756642.9265260696411132812500 HTTP/1.1" 200 0 "-" "WordPress/7.0; https://test1.therahuldas.com"
62.60.130.227 - - [18/Jun/2026:06:49:18 +0200] "GET / HTTP/1.1" 301 0 "www.google.com" "Mozilla/5.0 (Linux; Android 7.0; SM-G892A Build/NRD90M; wv) AppleWebKit/537.36 (KHTML, like Gecko) Version/4.0 Chrome/60.0.3112.107 Mobile Safari/537.36"
62.60.130.227 - - [18/Jun/2026:06:49:21 +0200] "GET / HTTP/1.1" 200 27624 "www.google.com" "Mozilla/5.0 (Linux; Android 7.0; SM-G892A Build/NRD90M; wv) AppleWebKit/537.36 (KHTML, like Gecko) Version/4.0 Chrome/60.0.3112.107 Mobile Safari/537.36"
62.60.130.227 - - [18/Jun/2026:06:49:23 +0200] "GET /index.php?option=com_jce&view=popup HTTP/1.1" 301 0 "www.google.com" "Mozilla/5.0 (Linux; Android 7.0; SM-G892A Build/NRD90M; wv) AppleWebKit/537.36 (KHTML, like Gecko) Version/4.0 Chrome/60.0.3112.107 Mobile Safari/537.36"
62.60.130.227 - - [18/Jun/2026:06:49:23 +0200] "GET /?option=com_jce&view=popup HTTP/1.1" 200 27624 "www.google.com" "Mozilla/5.0 (Linux; Android 7.0; SM-G892A Build/NRD90M; wv) AppleWebKit/537.36 (KHTML, like Gecko) Version/4.0 Chrome/60.0.3112.107 Mobile Safari/537.36"
62.60.130.227 - - [18/Jun/2026:06:49:24 +0200] "GET /components/com_jce/ HTTP/1.1" 301 0 "www.google.com" "Mozilla/5.0 (Linux; Android 7.0; SM-G892A Build/NRD90M; wv) AppleWebKit/537.36 (KHTML, like Gecko) Version/4.0 Chrome/60.0.3112.107 Mobile Safari/537.36"
62.60.130.227 - - [18/Jun/2026:06:49:25 +0200] "GET /components/com_jce/ HTTP/1.1" 404 28721 "www.google.com" "Mozilla/5.0 (Linux; Android 7.0; SM-G892A Build/NRD90M; wv) AppleWebKit/537.36 (KHTML, like Gecko) Version/4.0 Chrome/60.0.3112.107 Mobile Safari/537.36"
62.60.130.227 - - [18/Jun/2026:06:49:27 +0200] "GET /administrator/components/com_jce/ HTTP/1.1" 301 0 "www.google.com" "Mozilla/5.0 (Linux; Android 7.0; SM-G892A Build/NRD90M; wv) AppleWebKit/537.36 (KHTML, like Gecko) Version/4.0 Chrome/60.0.3112.107 Mobile Safari/537.36"
62.60.130.227 - - [18/Jun/2026:06:49:28 +0200] "GET /administrator/components/com_jce/ HTTP/1.1" 404 28721 "www.google.com" "Mozilla/5.0 (Linux; Android 7.0; SM-G892A Build/NRD90M; wv) AppleWebKit/537.36 (KHTML, like Gecko) Version/4.0 Chrome/60.0.3112.107 Mobile Safari/537.36"
62.60.130.227 - - [18/Jun/2026:06:50:22 +0200] "GET /index.php?option=com_jce&task=profiles.import HTTP/1.1" 301 0 "www.google.com" "Mozilla/5.0 (Linux; Android 7.0; SM-G892A Build/NRD90M; wv) AppleWebKit/537.36 (KHTML, like Gecko) Version/4.0 Chrome/60.0.3112.107 Mobile Safari/537.36"
62.60.130.227 - - [18/Jun/2026:06:50:25 +0200] "GET /index.php?option=com_jce&view=popup HTTP/1.1" 301 0 "www.google.com" "Mozilla/5.0 (Linux; Android 7.0; SM-G892A Build/NRD90M; wv) AppleWebKit/537.36 (KHTML, like Gecko) Version/4.0 Chrome/60.0.3112.107 Mobile Safari/537.36"
62.60.130.227 - - [18/Jun/2026:06:50:26 +0200] "GET /index.php?option=com_jce HTTP/1.1" 301 0 "www.google.com" "Mozilla/5.0 (Linux; Android 7.0; SM-G892A Build/NRD90M; wv) AppleWebKit/537.36 (KHTML, like Gecko) Version/4.0 Chrome/60.0.3112.107 Mobile Safari/537.36"
62.60.130.227 - - [18/Jun/2026:06:50:28 +0200] "GET /administrator/index.php?option=com_jce HTTP/1.1" 301 0 "www.google.com" "Mozilla/5.0 (Linux; Android 7.0; SM-G892A Build/NRD90M; wv) AppleWebKit/537.36 (KHTML, like Gecko) Version/4.0 Chrome/60.0.3112.107 Mobile Safari/537.36"
62.60.130.227 - - [18/Jun/2026:06:50:29 +0200] "GET /administrator/index.php HTTP/1.1" 301 0 "www.google.com" "Mozilla/5.0 (Linux; Android 7.0; SM-G892A Build/NRD90M; wv) AppleWebKit/537.36 (KHTML, like Gecko) Version/4.0 Chrome/60.0.3112.107 Mobile Safari/537.36"
62.60.130.227 - - [18/Jun/2026:06:50:33 +0200] "GET /index.php HTTP/1.1" 301 0 "www.google.com" "Mozilla/5.0 (Linux; Android 7.0; SM-G892A Build/NRD90M; wv) AppleWebKit/537.36 (KHTML, like Gecko) Version/4.0 Chrome/60.0.3112.107 Mobile Safari/537.36"
157.230.148.169 - - [18/Jun/2026:06:44:34 +0200] "GET /wp-login.php HTTP/2" 200 974 "-" "Mozilla/5.0 (X11; Ubuntu; Linux x86_64) AppleWebKit/537.36 (KHTML, like Gecko) Chrome/133.0.0.0 Safari/537.36"
157.230.148.169 - - [18/Jun/2026:06:44:35 +0200] "POST /wp-login.php HTTP/2" 200 974 "https://test1.therahuldas.com/wp-login.php" "Mozilla/5.0 (X11; Ubuntu; Linux x86_64) AppleWebKit/537.36 (KHTML, like Gecko) Chrome/133.0.0.0 Safari/537.36"
168.63.79.147 - - [18/Jun/2026:06:46:44 +0200] "GET /wp-login.php HTTP/2" 200 974 "-" "Mozilla/5.0 (Macintosh; Intel Mac OS X 10_15_7) AppleWebKit/537.36 (KHTML, like Gecko) Chrome/133.0.0.0 Safari/537.36 Edg/133.0.0.0"
168.63.79.147 - - [18/Jun/2026:06:46:45 +0200] "POST /wp-login.php HTTP/2" 200 974 "https://test1.therahuldas.com/wp-login.php" "Mozilla/5.0 (Macintosh; Intel Mac OS X 10_15_7) AppleWebKit/537.36 (KHTML, like Gecko) Chrome/133.0.0.0 Safari/537.36 Edg/133.0.0.0"
62.60.130.227 - - [18/Jun/2026:06:49:47 +0200] "GET /?option=com_jce&task=profiles.import HTTP/1.1" 200 27624 "www.google.com" "Mozilla/5.0 (Linux; Android 7.0; SM-G892A Build/NRD90M; wv) AppleWebKit/537.36 (KHTML, like Gecko) Version/4.0 Chrome/60.0.3112.107 Mobile Safari/537.36"
65.21.228.101 - - [18/Jun/2026:06:35:34 +0200] "POST /wp-cron.php?doing_wp_cron=1781757334.5057489871978759765625 HTTP/1.1" 200 0 "-" "WordPress/7.0; https://test1.therahuldas.com"
65.21.228.101 - - [18/Jun/2026:06:40:06 +0200] "POST /wp-cron.php?doing_wp_cron=1781757606.8416430950164794921875 HTTP/1.1" 200 0 "-" "WordPress/7.0; https://test1.therahuldas.com"
65.21.228.101 - - [18/Jun/2026:06:49:19 +0200] "POST /wp-cron.php?doing_wp_cron=1781758159.2374880313873291015625 HTTP/1.1" 200 0 "-" "WordPress/7.0; https://test1.therahuldas.com"
62.60.130.227 - - [18/Jun/2026:06:50:24 +0200] "GET /?option=com_jce&task=profiles.import HTTP/1.1" 200 27624 "www.google.com" "Mozilla/5.0 (Linux; Android 7.0; SM-G892A Build/NRD90M; wv) AppleWebKit/537.36 (KHTML, like Gecko) Version/4.0 Chrome/60.0.3112.107 Mobile Safari/537.36"
62.60.130.227 - - [18/Jun/2026:06:50:26 +0200] "GET /?option=com_jce&view=popup HTTP/1.1" 200 27624 "www.google.com" "Mozilla/5.0 (Linux; Android 7.0; SM-G892A Build/NRD90M; wv) AppleWebKit/537.36 (KHTML, like Gecko) Version/4.0 Chrome/60.0.3112.107 Mobile Safari/537.36"
62.60.130.227 - - [18/Jun/2026:06:50:27 +0200] "GET /?option=com_jce HTTP/1.1" 200 27624 "www.google.com" "Mozilla/5.0 (Linux; Android 7.0; SM-G892A Build/NRD90M; wv) AppleWebKit/537.36 (KHTML, like Gecko) Version/4.0 Chrome/60.0.3112.107 Mobile Safari/537.36"
62.60.130.227 - - [18/Jun/2026:06:50:28 +0200] "GET /administrator/?option=com_jce HTTP/1.1" 404 28721 "www.google.com" "Mozilla/5.0 (Linux; Android 7.0; SM-G892A Build/NRD90M; wv) AppleWebKit/537.36 (KHTML, like Gecko) Version/4.0 Chrome/60.0.3112.107 Mobile Safari/537.36"
62.60.130.227 - - [18/Jun/2026:06:50:30 +0200] "GET /administrator/ HTTP/1.1" 404 28721 "www.google.com" "Mozilla/5.0 (Linux; Android 7.0; SM-G892A Build/NRD90M; wv) AppleWebKit/537.36 (KHTML, like Gecko) Version/4.0 Chrome/60.0.3112.107 Mobile Safari/537.36"
62.60.130.227 - - [18/Jun/2026:06:49:45 +0200] "GET /index.php?option=com_jce&task=profiles.import HTTP/1.1" 301 0 "www.google.com" "Mozilla/5.0 (Linux; Android 7.0; SM-G892A Build/NRD90M; wv) AppleWebKit/537.36 (KHTML, like Gecko) Version/4.0 Chrome/60.0.3112.107 Mobile Safari/537.36"
65.21.228.101 - - [18/Jun/2026:06:36:21 +0200] "POST /wp-cron.php?doing_wp_cron=1781757381.3946659564971923828125 HTTP/1.1" 200 0 "-" "WordPress/7.0; https://test1.therahuldas.com"
65.21.228.101 - - [18/Jun/2026:06:49:46 +0200] "POST /wp-cron.php?doing_wp_cron=1781758186.2356450557708740234375 HTTP/1.1" 200 0 "-" "WordPress/7.0; https://test1.therahuldas.com"
65.21.228.101 - - [18/Jun/2026:06:50:35 +0200] "POST /wp-cron.php?doing_wp_cron=1781758235.1353509426116943359375 HTTP/1.1" 200 0 "-" "WordPress/7.0; https://test1.therahuldas.com"
62.60.130.227 - - [18/Jun/2026:06:50:34 +0200] "GET / HTTP/1.1" 200 27624 "www.google.com" "Mozilla/5.0 (Linux; Android 7.0; SM-G892A Build/NRD90M; wv) AppleWebKit/537.36 (KHTML, like Gecko) Version/4.0 Chrome/60.0.3112.107 Mobile Safari/537.36"
62.60.130.227 - - [18/Jun/2026:06:50:36 +0200] "GET / HTTP/1.1" 200 27624 "www.google.com" "Mozilla/5.0 (Linux; Android 7.0; SM-G892A Build/NRD90M; wv) AppleWebKit/537.36 (KHTML, like Gecko) Version/4.0 Chrome/60.0.3112.107 Mobile Safari/537.36"
143.110.183.208 - - [18/Jun/2026:06:51:19 +0200] "GET /wp-login.php HTTP/2" 200 974 "-" "Mozilla/5.0 (Windows NT 10.0; Win64; x64) AppleWebKit/537.36 (KHTML, like Gecko) Chrome/120.0.0.0 Safari/537.36"
62.60.130.227 - - [18/Jun/2026:06:50:35 +0200] "GET / HTTP/1.1" 301 0 "www.google.com" "Mozilla/5.0 (Linux; Android 7.0; SM-G892A Build/NRD90M; wv) AppleWebKit/537.36 (KHTML, like Gecko) Version/4.0 Chrome/60.0.3112.107 Mobile Safari/537.36"
91.146.102.43 - - [18/Jun/2026:06:55:39 +0200] "GET /wp-login.php HTTP/2" 200 974 "-" "Mozilla/5.0 (Windows NT 10.0; Win64; x64) AppleWebKit/537.36 (KHTML, like Gecko) Chrome/120.0.0.0 Safari/537.36"
104.210.140.135 - - [18/Jun/2026:07:20:23 +0200] "GET /robots.txt HTTP/2" 200 108 "-" "Mozilla/5.0 (Macintosh; Intel Mac OS X 10_15_7) AppleWebKit/537.36 (KHTML, like Gecko) Chrome/131.0.0.0 Safari/537.36; compatible; OAI-SearchBot/1.0; +https://openai.com/searchbot"
103.19.136.6 - - [18/Jun/2026:07:23:19 +0200] "GET /wp-login.php HTTP/2" 200 974 "-" "Mozilla/5.0 (X11; Linux x86_64) AppleWebKit/537.36 (KHTML, like Gecko) Chrome/133.0.0.0 Safari/537.36"
164.138.220.142 - - [18/Jun/2026:07:23:20 +0200] "GET /wp-login.php HTTP/2" 200 974 "-" "Mozilla/5.0 (Macintosh; Intel Mac OS X 10_15_7) AppleWebKit/605.1.15 (KHTML, like Gecko) Version/18.3 Safari/605.1.15"
164.138.220.142 - - [18/Jun/2026:07:23:23 +0200] "POST /wp-login.php HTTP/2" 200 974 "https://test1.therahuldas.com/wp-login.php" "Mozilla/5.0 (Macintosh; Intel Mac OS X 10_15_7) AppleWebKit/605.1.15 (KHTML, like Gecko) Version/18.3 Safari/605.1.15"
103.19.136.6 - - [18/Jun/2026:07:23:26 +0200] "POST /wp-login.php HTTP/2" 200 974 "https://test1.therahuldas.com/wp-login.php" "Mozilla/5.0 (X11; Linux x86_64) AppleWebKit/537.36 (KHTML, like Gecko) Chrome/133.0.0.0 Safari/537.36"
65.21.228.101 - - [18/Jun/2026:07:28:08 +0200] "POST /wp-cron.php?doing_wp_cron=1781760488.2941310405731201171875 HTTP/1.1" 200 0 "-" "WordPress/7.0; https://test1.therahuldas.com"
129.211.218.71 - - [18/Jun/2026:07:30:39 +0200] "GET /wp-login.php HTTP/2" 200 974 "-" "Mozilla/5.0 (Windows NT 10.0; Win64; x64) AppleWebKit/537.36 (KHTML, like Gecko) Chrome/120.0.0.0 Safari/537.36"
65.21.228.101 - - [18/Jun/2026:07:35:17 +0200] "POST /wp-cron.php?doing_wp_cron=1781760917.6125600337982177734375 HTTP/1.1" 200 0 "-" "WordPress/7.0; https://test1.therahuldas.com"
65.21.228.101 - - [18/Jun/2026:07:35:36 +0200] "POST /wp-cron.php?doing_wp_cron=1781760936.2248530387878417968750 HTTP/1.1" 200 0 "-" "WordPress/7.0; https://test1.therahuldas.com"
103.255.134.61 - - [18/Jun/2026:07:39:36 +0200] "GET /wp-login.php HTTP/2" 200 974 "-" "Mozilla/5.0 (Windows NT 10.0) AppleWebKit/537.36 (KHTML, like Gecko) Chrome/133.0.0.0 Safari/537.36"
103.255.134.61 - - [18/Jun/2026:07:39:36 +0200] "POST /wp-login.php HTTP/2" 200 974 "https://test1.therahuldas.com/wp-login.php" "Mozilla/5.0 (Windows NT 10.0) AppleWebKit/537.36 (KHTML, like Gecko) Chrome/133.0.0.0 Safari/537.36"
65.21.228.101 - - [18/Jun/2026:07:25:35 +0200] "POST /wp-cron.php?doing_wp_cron=1781760335.4790880680084228515625 HTTP/1.1" 200 0 "-" "WordPress/7.0; https://test1.therahuldas.com"
65.21.228.101 - - [18/Jun/2026:07:41:29 +0200] "POST /wp-cron.php?doing_wp_cron=1781761289.8232629299163818359375 HTTP/1.1" 200 0 "-" "WordPress/7.0; https://test1.therahuldas.com"
87.192.224.131 - - [18/Jun/2026:07:39:35 +0200] "GET /wp-login.php HTTP/2" 200 974 "-" "Mozilla/5.0 (Windows NT 10.0; Win64; x64; rv:133.0) Gecko/20100101 Firefox/133.0"
87.192.224.131 - - [18/Jun/2026:07:39:35 +0200] "POST /wp-login.php HTTP/2" 200 974 "https://test1.therahuldas.com/wp-login.php" "Mozilla/5.0 (Windows NT 10.0; Win64; x64; rv:133.0) Gecko/20100101 Firefox/133.0"
65.21.228.101 - - [18/Jun/2026:07:25:20 +0200] "POST /wp-cron.php?doing_wp_cron=1781760320.2933828830718994140625 HTTP/1.1" 200 0 "-" "WordPress/7.0; https://test1.therahuldas.com"
164.138.220.142 - - [18/Jun/2026:07:39:36 +0200] "GET /wp-login.php HTTP/2" 200 974 "-" "Mozilla/5.0 (Windows NT 10.0; WOW64) AppleWebKit/537.36 (KHTML, like Gecko) Chrome/133.0.0.0 Safari/537.36"
164.138.220.142 - - [18/Jun/2026:07:39:36 +0200] "POST /wp-login.php HTTP/2" 200 974 "https://test1.therahuldas.com/wp-login.php" "Mozilla/5.0 (Windows NT 10.0; WOW64) AppleWebKit/537.36 (KHTML, like Gecko) Chrome/133.0.0.0 Safari/537.36"
65.21.228.101 - - [18/Jun/2026:07:43:11 +0200] "POST /wp-cron.php?doing_wp_cron=1781761391.1619319915771484375000 HTTP/1.1" 200 0 "-" "WordPress/7.0; https://test1.therahuldas.com"
192.241.157.226 - - [18/Jun/2026:07:43:50 +0200] "GET /wp-login.php HTTP/2" 200 974 "-" "Mozilla/5.0 (X11; Ubuntu; Linux x86_64; rv:133.0) Gecko/20100101 Firefox/133.0"
192.241.157.226 - - [18/Jun/2026:07:43:50 +0200] "POST /wp-login.php HTTP/2" 403 0 "https://test1.therahuldas.com/wp-login.php" "Mozilla/5.0 (X11; Ubuntu; Linux x86_64; rv:133.0) Gecko/20100101 Firefox/133.0"
65.21.228.101 - - [18/Jun/2026:07:45:53 +0200] "POST /wp-cron.php?doing_wp_cron=1781761553.8190159797668457031250 HTTP/1.1" 200 0 "-" "WordPress/7.0; https://test1.therahuldas.com"
194.213.4.139 - - [18/Jun/2026:07:43:53 +0200] "GET /wp-login.php HTTP/2" 200 974 "-" "Mozilla/5.0 (Windows NT 10.0; Win64; x64) AppleWebKit/537.36 (KHTML, like Gecko) Chrome/133.0.0.0 Safari/537.36"
194.213.4.139 - - [18/Jun/2026:07:43:54 +0200] "POST /wp-login.php HTTP/2" 200 974 "https://test1.therahuldas.com/wp-login.php" "Mozilla/5.0 (Windows NT 10.0; Win64; x64) AppleWebKit/537.36 (KHTML, like Gecko) Chrome/133.0.0.0 Safari/537.36"
65.21.228.101 - - [18/Jun/2026:07:51:35 +0200] "POST /wp-cron.php?doing_wp_cron=1781761895.8006069660186767578125 HTTP/1.1" 200 0 "-" "WordPress/7.0; https://test1.therahuldas.com"
5.223.57.143 - - [18/Jun/2026:07:52:19 +0200] "GET /wp-login.php HTTP/2" 200 974 "-" "Mozilla/5.0 (Windows NT 10.0; Win64; x64) AppleWebKit/537.36 (KHTML, like Gecko) Chrome/120.0.0.0 Safari/537.36"
5.223.57.143 - - [18/Jun/2026:08:05:35 +0200] "GET /wp-login.php HTTP/2" 200 974 "-" "Mozilla/5.0 (X11; Linux x86_64) AppleWebKit/537.36 (KHTML, like Gecko) Chrome/133.0.0.0 Safari/537.36 Edg/133.0.0.0"
5.223.57.143 - - [18/Jun/2026:08:05:35 +0200] "POST /wp-login.php HTTP/2" 200 974 "https://test1.therahuldas.com/wp-login.php" "Mozilla/5.0 (X11; Linux x86_64) AppleWebKit/537.36 (KHTML, like Gecko) Chrome/133.0.0.0 Safari/537.36 Edg/133.0.0.0"
65.21.228.101 - - [18/Jun/2026:08:07:39 +0200] "POST /wp-cron.php?doing_wp_cron=1781762859.7906689643859863281250 HTTP/1.1" 200 0 "-" "WordPress/7.0; https://test1.therahuldas.com"
185.55.229.75 - - [18/Jun/2026:08:04:26 +0200] "GET /wp-login.php HTTP/2" 200 974 "-" "Mozilla/5.0 (Macintosh; Intel Mac OS X 10_15_7) AppleWebKit/605.1.15 (KHTML, like Gecko) Version/18.3 Safari/605.1.15"
185.55.229.75 - - [18/Jun/2026:08:04:26 +0200] "POST /wp-login.php HTTP/2" 200 974 "https://test1.therahuldas.com/wp-login.php" "Mozilla/5.0 (Macintosh; Intel Mac OS X 10_15_7) AppleWebKit/605.1.15 (KHTML, like Gecko) Version/18.3 Safari/605.1.15"
45.195.231.75 - - [18/Jun/2026:08:19:11 +0200] "GET /wp-login.php HTTP/2" 200 974 "-" "Mozilla/5.0 (Windows NT 10.0; Win64; x64) AppleWebKit/537.36 (KHTML, like Gecko) Chrome/120.0.0.0 Safari/537.36"
68.178.160.25 - - [18/Jun/2026:08:19:55 +0200] "GET /wp-login.php HTTP/2" 200 974 "-" "Mozilla/5.0 (Windows NT 10.0; Win64; x64) AppleWebKit/537.36 (KHTML, like Gecko) Chrome/120.0.0.0 Safari/537.36"
142.93.10.93 - - [18/Jun/2026:08:17:44 +0200] "GET /wp-login.php HTTP/2" 200 974 "-" "Mozilla/5.0 (Windows NT 10.0; Win64; x64) AppleWebKit/537.36 (KHTML, like Gecko) Chrome/133.0.0.0 Safari/537.36 Edg/133.0.0.0"
142.93.10.93 - - [18/Jun/2026:08:17:45 +0200] "POST /wp-login.php HTTP/2" 200 974 "https://test1.therahuldas.com/wp-login.php" "Mozilla/5.0 (Windows NT 10.0; Win64; x64) AppleWebKit/537.36 (KHTML, like Gecko) Chrome/133.0.0.0 Safari/537.36 Edg/133.0.0.0"
141.94.170.164 - wpcore [18/Jun/2026:08:31:40 +0200] "GET /wp-json/wp/v2/users/me HTTP/2" 401 81 "-" "Mozilla/5.0 (Windows NT 10.0; Win64; x64) AppleWebKit/537.36 (KHTML, like Gecko) Chrome/133.0.0.0 Safari/537.36"
65.21.228.101 - - [18/Jun/2026:08:31:41 +0200] "POST /wp-cron.php?doing_wp_cron=1781764301.5509459972381591796875 HTTP/1.1" 200 0 "-" "WordPress/7.0; https://test1.therahuldas.com"
87.192.224.131 - - [18/Jun/2026:08:31:07 +0200] "GET /wp-login.php HTTP/2" 200 974 "-" "Mozilla/5.0 (Windows NT 10.0; Win64; x64) AppleWebKit/537.36 (KHTML, like Gecko) Chrome/133.0.0.0 Safari/537.36 Edg/133.0.0.0"
87.192.224.131 - - [18/Jun/2026:08:31:10 +0200] "POST /wp-login.php HTTP/2" 200 974 "https://test1.therahuldas.com/wp-login.php" "Mozilla/5.0 (Windows NT 10.0; Win64; x64) AppleWebKit/537.36 (KHTML, like Gecko) Chrome/133.0.0.0 Safari/537.36 Edg/133.0.0.0"
65.21.228.101 - - [18/Jun/2026:08:25:50 +0200] "POST /wp-cron.php?doing_wp_cron=1781763950.8740870952606201171875 HTTP/1.1" 200 0 "-" "WordPress/7.0; https://test1.therahuldas.com"
152.53.111.131 - - [18/Jun/2026:08:31:09 +0200] "GET /wp-login.php HTTP/2" 200 974 "-" "Mozilla/5.0 (Windows NT 10.0; WOW64) AppleWebKit/537.36 (KHTML, like Gecko) Chrome/133.0.0.0 Safari/537.36"
152.53.111.131 - - [18/Jun/2026:08:31:12 +0200] "POST /wp-login.php HTTP/2" 200 974 "https://test1.therahuldas.com/wp-login.php" "Mozilla/5.0 (Windows NT 10.0; WOW64) AppleWebKit/537.36 (KHTML, like Gecko) Chrome/133.0.0.0 Safari/537.36"
65.21.228.101 - - [18/Jun/2026:08:35:37 +0200] "POST /wp-cron.php?doing_wp_cron=1781764537.2407939434051513671875 HTTP/1.1" 200 0 "-" "WordPress/7.0; https://test1.therahuldas.com"
68.178.160.25 - - [18/Jun/2026:08:45:01 +0200] "GET /wp-login.php HTTP/2" 200 974 "-" "Mozilla/5.0 (Windows NT 10.0; Win64; x64) AppleWebKit/537.36 (KHTML, like Gecko) Chrome/120.0.0.0 Safari/537.36"
65.21.228.101 - - [18/Jun/2026:08:35:26 +0200] "POST /wp-cron.php?doing_wp_cron=1781764526.6841409206390380859375 HTTP/1.1" 200 0 "-" "WordPress/7.0; https://test1.therahuldas.com"
103.255.134.61 - - [18/Jun/2026:08:50:17 +0200] "GET /wp-login.php HTTP/2" 200 974 "-" "Mozilla/5.0 (X11; Linux x86_64) AppleWebKit/537.36 (KHTML, like Gecko) Chrome/133.0.0.0 Safari/537.36 Edg/133.0.0.0"
103.255.134.61 - - [18/Jun/2026:08:50:17 +0200] "POST /wp-login.php HTTP/2" 200 974 "https://test1.therahuldas.com/wp-login.php" "Mozilla/5.0 (X11; Linux x86_64) AppleWebKit/537.36 (KHTML, like Gecko) Chrome/133.0.0.0 Safari/537.36 Edg/133.0.0.0"
103.90.224.22 - - [18/Jun/2026:08:41:25 +0200] "GET /wp-login.php HTTP/2" 200 974 "-" "Mozilla/5.0 (Windows NT 10.0; Win64; x64) AppleWebKit/537.36 (KHTML, like Gecko) Chrome/120.0.0.0 Safari/537.36"
65.21.228.101 - - [18/Jun/2026:08:38:54 +0200] "POST /wp-cron.php?doing_wp_cron=1781764734.1276369094848632812500 HTTP/1.1" 200 0 "-" "WordPress/7.0; https://test1.therahuldas.com"
115.78.9.138 - - [18/Jun/2026:08:55:15 +0200] "GET /wp-login.php HTTP/2" 200 974 "-" "Mozilla/5.0 (Macintosh; Intel Mac OS X 10_15_7) AppleWebKit/537.36 (KHTML, like Gecko) Chrome/133.0.0.0 Safari/537.36"
103.143.207.18 - - [18/Jun/2026:08:55:18 +0200] "GET /wp-login.php HTTP/2" 200 974 "-" "Mozilla/5.0 (Macintosh; Intel Mac OS X 14_7_4) AppleWebKit/537.36 (KHTML, like Gecko) Chrome/133.0.0.0 Safari/537.36"
115.78.9.138 - - [18/Jun/2026:08:55:16 +0200] "POST /wp-login.php HTTP/2" 200 0 "https://test1.therahuldas.com/wp-login.php" "Mozilla/5.0 (Macintosh; Intel Mac OS X 10_15_7) AppleWebKit/537.36 (KHTML, like Gecko) Chrome/133.0.0.0 Safari/537.36"
65.21.228.101 - - [18/Jun/2026:08:55:38 +0200] "POST /wp-cron.php?doing_wp_cron=1781765738.5430500507354736328125 HTTP/1.1" 200 0 "-" "WordPress/7.0; https://test1.therahuldas.com"
103.143.207.18 - wpcore [18/Jun/2026:08:55:38 +0200] "GET /wp-json/wp/v2/users/me HTTP/2" 401 81 "-" "Mozilla/5.0 (Macintosh; Intel Mac OS X 14_7_4) AppleWebKit/537.36 (KHTML, like Gecko) Chrome/133.0.0.0 Safari/537.36"
23.95.129.26 - - [18/Jun/2026:08:55:20 +0200] "GET /wp-login.php HTTP/2" 200 974 "-" "Mozilla/5.0 (Macintosh; Intel Mac OS X 10_15_7) AppleWebKit/537.36 (KHTML, like Gecko) Chrome/133.0.0.0 Safari/537.36 Edg/133.0.0.0"
23.95.129.26 - - [18/Jun/2026:08:55:22 +0200] "POST /wp-login.php HTTP/2" 200 974 "https://test1.therahuldas.com/wp-login.php" "Mozilla/5.0 (Macintosh; Intel Mac OS X 10_15_7) AppleWebKit/537.36 (KHTML, like Gecko) Chrome/133.0.0.0 Safari/537.36 Edg/133.0.0.0"
167.71.136.93 - - [18/Jun/2026:09:07:34 +0200] "GET /wp-login.php HTTP/2" 200 974 "-" "Mozilla/5.0 (Windows NT 10.0; Win64; x64) AppleWebKit/537.36 (KHTML, like Gecko) Chrome/133.0.0.0 Safari/537.36"
167.71.136.93 - - [18/Jun/2026:09:07:41 +0200] "POST /wp-login.php HTTP/2" 200 974 "https://test1.therahuldas.com/wp-login.php" "Mozilla/5.0 (Windows NT 10.0; Win64; x64) AppleWebKit/537.36 (KHTML, like Gecko) Chrome/133.0.0.0 Safari/537.36"
115.78.9.138 - wpcore [18/Jun/2026:08:55:37 +0200] "GET /wp-json/wp/v2/users/me HTTP/2" 401 81 "-" "Mozilla/5.0 (Macintosh; Intel Mac OS X 10_15_7) AppleWebKit/537.36 (KHTML, like Gecko) Chrome/133.0.0.0 Safari/537.36"
92.53.96.141 - - [18/Jun/2026:09:07:30 +0200] "GET /wp-login.php HTTP/2" 200 974 "-" "Mozilla/5.0 (Windows NT 10.0; Win64; x64) AppleWebKit/537.36 (KHTML, like Gecko) Chrome/133.0.0.0 Safari/537.36 Edg/133.0.0.0"
92.53.96.141 - - [18/Jun/2026:09:07:30 +0200] "POST /wp-login.php HTTP/2" 200 974 "https://test1.therahuldas.com/wp-login.php" "Mozilla/5.0 (Windows NT 10.0; Win64; x64) AppleWebKit/537.36 (KHTML, like Gecko) Chrome/133.0.0.0 Safari/537.36 Edg/133.0.0.0"
65.21.228.101 - - [18/Jun/2026:08:52:43 +0200] "POST /wp-cron.php?doing_wp_cron=1781765563.8230578899383544921875 HTTP/1.1" 200 0 "-" "WordPress/7.0; https://test1.therahuldas.com"
67.20.76.166 - - [18/Jun/2026:08:53:13 +0200] "GET /wp-login.php HTTP/2" 200 974 "-" "Mozilla/5.0 (Windows NT 10.0; Win64; x64) AppleWebKit/537.36 (KHTML, like Gecko) Chrome/120.0.0.0 Safari/537.36"
65.21.228.101 - - [18/Jun/2026:08:54:58 +0200] "POST /wp-cron.php?doing_wp_cron=1781765698.1426239013671875000000 HTTP/1.1" 200 0 "-" "WordPress/7.0; https://test1.therahuldas.com"
65.21.228.101 - - [18/Jun/2026:09:25:18 +0200] "POST /wp-cron.php?doing_wp_cron=1781767518.6180529594421386718750 HTTP/1.1" 200 0 "-" "WordPress/7.0; https://test1.therahuldas.com"
74.7.243.235 - - [18/Jun/2026:09:25:17 +0200] "GET / HTTP/2" 200 25207 "-" "Mozilla/5.0 AppleWebKit/537.36 (KHTML, like Gecko; compatible; GPTBot/1.4; +https://openai.com/gptbot)"
74.7.241.145 - - [18/Jun/2026:09:25:17 +0200] "GET /robots.txt HTTP/2" 200 108 "-" "Mozilla/5.0 (Macintosh; Intel Mac OS X 10_15_7) AppleWebKit/537.36 (KHTML, like Gecko) Chrome/131.0.0.0 Safari/537.36; compatible; OAI-SearchBot/1.4; robots.txt; +https://openai.com/searchbot"
65.21.228.101 - - [18/Jun/2026:09:35:10 +0200] "POST /wp-cron.php?doing_wp_cron=1781768110.6785271167755126953125 HTTP/1.1" 200 0 "-" "WordPress/7.0; https://test1.therahuldas.com"
65.21.228.101 - - [18/Jun/2026:09:36:06 +0200] "POST /wp-cron.php?doing_wp_cron=1781768166.9903628826141357421875 HTTP/1.1" 200 0 "-" "WordPress/7.0; https://test1.therahuldas.com"
5.175.167.71 - - [18/Jun/2026:09:43:46 +0200] "GET /wp-login.php HTTP/2" 200 974 "-" "Mozilla/5.0 (Windows NT 10.0; Win64; x64) AppleWebKit/537.36 (KHTML, like Gecko) Chrome/120.0.0.0 Safari/537.36"
65.21.228.101 - - [18/Jun/2026:09:52:52 +0200] "POST /wp-cron.php?doing_wp_cron=1781769172.8523130416870117187500 HTTP/1.1" 200 0 "-" "WordPress/7.0; https://test1.therahuldas.com"
68.183.141.81 - - [18/Jun/2026:09:48:58 +0200] "GET /wp-login.php HTTP/2" 200 974 "-" "Mozilla/5.0 (Windows NT 10.0; Win64; x64) AppleWebKit/537.36 (KHTML, like Gecko) Chrome/120.0.0.0 Safari/537.36"
168.63.79.147 - - [18/Jun/2026:09:46:07 +0200] "GET /wp-login.php HTTP/2" 200 974 "-" "Mozilla/5.0 (X11; Linux x86_64; rv:133.0) Gecko/20100101 Firefox/133.0"
168.63.79.147 - - [18/Jun/2026:09:46:08 +0200] "POST /wp-login.php HTTP/2" 200 974 "https://test1.therahuldas.com/wp-login.php" "Mozilla/5.0 (X11; Linux x86_64; rv:133.0) Gecko/20100101 Firefox/133.0"
65.21.228.101 - - [18/Jun/2026:09:48:33 +0200] "POST /wp-cron.php?doing_wp_cron=1781768912.9369690418243408203125 HTTP/1.1" 200 0 "-" "WordPress/7.0; https://test1.therahuldas.com"
65.21.228.101 - - [18/Jun/2026:10:14:56 +0200] "POST /wp-cron.php?doing_wp_cron=1781770496.0860409736633300781250 HTTP/1.1" 200 0 "-" "WordPress/7.0; https://test1.therahuldas.com"
68.183.43.38 - - [18/Jun/2026:10:06:14 +0200] "GET /wp-login.php HTTP/2" 200 974 "-" "Mozilla/5.0 (Macintosh; Intel Mac OS X 10_15_7) AppleWebKit/537.36 (KHTML, like Gecko) Chrome/133.0.0.0 Safari/537.36 Edg/133.0.0.0"
68.183.43.38 - - [18/Jun/2026:10:06:14 +0200] "POST /wp-login.php HTTP/2" 200 974 "https://test1.therahuldas.com/wp-login.php" "Mozilla/5.0 (Macintosh; Intel Mac OS X 10_15_7) AppleWebKit/537.36 (KHTML, like Gecko) Chrome/133.0.0.0 Safari/537.36 Edg/133.0.0.0"
65.21.228.101 - - [18/Jun/2026:10:21:02 +0200] "POST /wp-cron.php?doing_wp_cron=1781770862.7160930633544921875000 HTTP/1.1" 200 0 "-" "WordPress/7.0; https://test1.therahuldas.com"
209.172.2.30 - - [18/Jun/2026:10:41:56 +0200] "GET /wp-login.php HTTP/2" 200 974 "-" "Mozilla/5.0 (X11; CrOS x86_64 14541.0.0) AppleWebKit/537.36 (KHTML, like Gecko) Chrome/133.0.0.0 Safari/537.36"
209.172.2.30 - - [18/Jun/2026:10:41:56 +0200] "POST /wp-login.php HTTP/2" 200 974 "https://test1.therahuldas.com/wp-login.php" "Mozilla/5.0 (X11; CrOS x86_64 14541.0.0) AppleWebKit/537.36 (KHTML, like Gecko) Chrome/133.0.0.0 Safari/537.36"
65.21.228.101 - - [18/Jun/2026:10:42:32 +0200] "POST /wp-cron.php?doing_wp_cron=1781772152.6991739273071289062500 HTTP/1.1" 200 0 "-" "WordPress/7.0; https://test1.therahuldas.com"
65.21.228.101 - - [18/Jun/2026:10:34:07 +0200] "POST /wp-cron.php?doing_wp_cron=1781771647.2003400325775146484375 HTTP/1.1" 200 0 "-" "WordPress/7.0; https://test1.therahuldas.com"
68.178.160.25 - - [18/Jun/2026:10:34:48 +0200] "GET /wp-login.php HTTP/2" 200 974 "-" "Mozilla/5.0 (Windows NT 10.0; Win64; x64) AppleWebKit/537.36 (KHTML, like Gecko) Chrome/120.0.0.0 Safari/537.36"
207.246.106.68 - - [18/Jun/2026:10:41:56 +0200] "GET /wp-login.php HTTP/2" 200 974 "-" "Mozilla/5.0 (X11; Ubuntu; Linux x86_64; rv:133.0) Gecko/20100101 Firefox/133.0"
207.246.106.68 - - [18/Jun/2026:10:41:56 +0200] "POST /wp-login.php HTTP/2" 200 974 "https://test1.therahuldas.com/wp-login.php" "Mozilla/5.0 (X11; Ubuntu; Linux x86_64; rv:133.0) Gecko/20100101 Firefox/133.0"
65.21.228.101 - - [18/Jun/2026:10:39:53 +0200] "POST /wp-cron.php?doing_wp_cron=1781771993.0260510444641113281250 HTTP/1.1" 200 0 "-" "WordPress/7.0; https://test1.therahuldas.com"
216.73.216.64 - - [18/Jun/2026:10:39:51 +0200] "GET /robots.txt HTTP/2" 200 108 "-" "Mozilla/5.0 AppleWebKit/537.36 (KHTML, like Gecko; compatible; ClaudeBot/1.0; +claudebot@anthropic.com)"
216.73.216.64 - - [18/Jun/2026:10:39:53 +0200] "GET /sitemap.xml HTTP/2" 301 0 "-" "Mozilla/5.0 AppleWebKit/537.36 (KHTML, like Gecko; compatible; ClaudeBot/1.0; +claudebot@anthropic.com)"
216.73.216.64 - - [18/Jun/2026:10:39:54 +0200] "GET /sitemaps.xml HTTP/2" 200 240 "https://test1.therahuldas.com/sitemap.xml" "Mozilla/5.0 AppleWebKit/537.36 (KHTML, like Gecko; compatible; ClaudeBot/1.0; +claudebot@anthropic.com)"
65.21.228.101 - - [18/Jun/2026:10:45:02 +0200] "POST /wp-cron.php?doing_wp_cron=1781772302.7017309665679931640625 HTTP/1.1" 200 0 "-" "WordPress/7.0; https://test1.therahuldas.com"