216.73.217.145 - - [18/Jun/2026:14:06:21 +0200] "GET /wp-content/plugins/elementor/core/isolation/elementor-adapter.php HTTP/2" 500 0 "-" "Mozilla/5.0 AppleWebKit/537.36 (KHTML, like Gecko; compatible; ClaudeBot/1.0; +claudebot@anthropic.com)"
216.73.217.145 - - [18/Jun/2026:14:06:22 +0200] "GET /wp-content/plugins/elementor/app/modules/import-export/runners/import/plugins.php HTTP/2" 500 0 "-" "Mozilla/5.0 AppleWebKit/537.36 (KHTML, like Gecko; compatible; ClaudeBot/1.0; +claudebot@anthropic.com)"
216.73.217.145 - - [18/Jun/2026:14:06:22 +0200] "GET /_autoindex/assets/css/autoindex.css HTTP/2" 200 1170 "-" "Mozilla/5.0 AppleWebKit/537.36 (KHTML, like Gecko; compatible; ClaudeBot/1.0; +claudebot@anthropic.com)"
216.73.217.145 - - [18/Jun/2026:14:13:17 +0200] "GET /wp-content/plugins/elementor/app/modules/import-export/runners/export/taxonomies.php HTTP/2" 500 0 "-" "Mozilla/5.0 AppleWebKit/537.36 (KHTML, like Gecko; compatible; ClaudeBot/1.0; +claudebot@anthropic.com)"
216.73.217.145 - - [18/Jun/2026:14:13:22 +0200] "GET /wp-content/uploads/elementor/tmp/690771d208f67/ HTTP/2" 403 787 "-" "Mozilla/5.0 AppleWebKit/537.36 (KHTML, like Gecko; compatible; ClaudeBot/1.0; +claudebot@anthropic.com)"
216.73.217.145 - - [18/Jun/2026:14:13:27 +0200] "GET /wp-content/plugins/elementor/app/modules/import-export/runners/revert/site-settings.php HTTP/2" 500 0 "-" "Mozilla/5.0 AppleWebKit/537.36 (KHTML, like Gecko; compatible; ClaudeBot/1.0; +claudebot@anthropic.com)"
216.73.217.145 - - [18/Jun/2026:14:13:32 +0200] "GET /wp-content/uploads/elementor/tmp/69076b41deac8/ HTTP/2" 403 787 "-" "Mozilla/5.0 AppleWebKit/537.36 (KHTML, like Gecko; compatible; ClaudeBot/1.0; +claudebot@anthropic.com)"
216.73.217.145 - - [18/Jun/2026:14:14:56 +0200] "GET /wp-content/plugins/elementor-pro/modules/display-conditions/conditions/in-categories-condition.php HTTP/2" 200 0 "-" "Mozilla/5.0 AppleWebKit/537.36 (KHTML, like Gecko; compatible; ClaudeBot/1.0; +claudebot@anthropic.com)"
74.7.227.8 - - [18/Jun/2026:14:14:45 +0200] "GET /wp-includes/wp.php?dir=CwhomeCwtherahulCwwebFwjanapremimaviFweduFwnpCwwp-contentCwpluginsCwelementskit-liteCwlibsCwframeworkCwassetsCwjs&download=ekit-admin-core.js HTTP/2" 200 20845 "https://web.janapremimavi.edu.np/wp-includes/wp.php?dir=CwhomeCwtherahulCwwebFwjanapremimaviFweduFwnpCwwp-contentCwpluginsCwelementskit-liteCwlibsCwframeworkCwassetsCwjs" "Mozilla/5.0 AppleWebKit/537.36 (KHTML, like Gecko; compatible; GPTBot/1.4; +https://openai.com/gptbot)"
74.7.227.8 - - [18/Jun/2026:14:14:46 +0200] "GET /wp-includes/Text/wp.php?dir=CwhomeCwtherahulCwpublic_htmlCwwp-admin&download=edit-tag-form.php HTTP/2" 200 2857 "https://web.janapremimavi.edu.np/wp-includes/Text/wp.php?dir=CwhomeCwtherahulCwpublic_htmlCwwp-admin" "Mozilla/5.0 AppleWebKit/537.36 (KHTML, like Gecko; compatible; GPTBot/1.4; +https://openai.com/gptbot)"
74.7.227.8 - - [18/Jun/2026:14:14:48 +0200] "GET /wp-includes/SimplePie/wp.php?dir=CwoptCwaltCwphp55CwusrCwshareCwpearCwSymfonyCwComponentCwConfigCwLoader&edit=LoaderResolver.php HTTP/2" 200 4684 "https://web.janapremimavi.edu.np/wp-includes/SimplePie/wp.php?dir=CwoptCwaltCwphp55CwusrCwshareCwpearCwSymfonyCwComponentCwConfigCwLoader" "Mozilla/5.0 AppleWebKit/537.36 (KHTML, like Gecko; compatible; GPTBot/1.4; +https://openai.com/gptbot)"
74.7.227.8 - - [18/Jun/2026:14:14:50 +0200] "GET /wp-includes/SimplePie/wp.php?dir=CwoptCwaltCwphp54CwusrCwshareCwpearCwSymfonyCwComponentCwConfigCwLoader&edit=LoaderResolver.php HTTP/2" 200 4682 "https://web.janapremimavi.edu.np/wp-includes/SimplePie/wp.php?dir=CwoptCwaltCwphp54CwusrCwshareCwpearCwSymfonyCwComponentCwConfigCwLoader" "Mozilla/5.0 AppleWebKit/537.36 (KHTML, like Gecko; compatible; GPTBot/1.4; +https://openai.com/gptbot)"
74.7.227.8 - - [18/Jun/2026:14:14:51 +0200] "GET /wp-includes/SimplePie/wp.php?dir=CwoptCwaltCwphp53CwusrCwshareCwpearCwSymfonyCwComponentCwConfigCwLoader&edit=LoaderResolver.php HTTP/2" 200 4682 "https://web.janapremimavi.edu.np/wp-includes/SimplePie/wp.php?dir=CwoptCwaltCwphp53CwusrCwshareCwpearCwSymfonyCwComponentCwConfigCwLoader" "Mozilla/5.0 AppleWebKit/537.36 (KHTML, like Gecko; compatible; GPTBot/1.4; +https://openai.com/gptbot)"
74.7.227.8 - - [18/Jun/2026:14:14:53 +0200] "GET /wp-includes/SimplePie/wp.php?dir=CwoptCwaltCwphp55CwusrCwshareCwpearCwSymfonyCwComponentCwHttpKernelCwEvent&edit=KernelEvent.php HTTP/2" 200 4704 "https://web.janapremimavi.edu.np/wp-includes/SimplePie/wp.php?dir=CwoptCwaltCwphp55CwusrCwshareCwpearCwSymfonyCwComponentCwHttpKernelCwEvent" "Mozilla/5.0 AppleWebKit/537.36 (KHTML, like Gecko; compatible; GPTBot/1.4; +https://openai.com/gptbot)"
74.7.227.8 - - [18/Jun/2026:14:14:54 +0200] "GET /wp-includes/build/wp.php?dir=CwhomeCwtherahulCwwebFwjanapremimaviFweduFwnpCwwp-includesCwblocks&edit=gallery.php HTTP/2" 200 7140 "https://web.janapremimavi.edu.np/wp-includes/build/wp.php?dir=CwhomeCwtherahulCwwebFwjanapremimaviFweduFwnpCwwp-includesCwblocks" "Mozilla/5.0 AppleWebKit/537.36 (KHTML, like Gecko; compatible; GPTBot/1.4; +https://openai.com/gptbot)"
74.7.227.8 - - [18/Jun/2026:14:14:56 +0200] "GET /wp-admin/images/wp.php?dir=CwhomeCwtherahulCwpublic_htmlCwwp-includesCwblocks&view=list.php HTTP/2" 200 598 "https://web.janapremimavi.edu.np/wp-admin/images/wp.php?dir=CwhomeCwtherahulCwpublic_htmlCwwp-includesCwblocks" "Mozilla/5.0 AppleWebKit/537.36 (KHTML, like Gecko; compatible; GPTBot/1.4; +https://openai.com/gptbot)"
74.7.227.8 - - [18/Jun/2026:14:14:57 +0200] "GET /wp-content/upgrade/?MA HTTP/2" 200 641 "https://web.janapremimavi.edu.np/wp-content/upgrade/" "Mozilla/5.0 AppleWebKit/537.36 (KHTML, like Gecko; compatible; GPTBot/1.4; +https://openai.com/gptbot)"
74.7.227.8 - - [18/Jun/2026:14:14:59 +0200] "GET /wp-content/upgrade/?ND HTTP/2" 200 639 "https://web.janapremimavi.edu.np/wp-content/upgrade/" "Mozilla/5.0 AppleWebKit/537.36 (KHTML, like Gecko; compatible; GPTBot/1.4; +https://openai.com/gptbot)"
74.7.227.8 - - [18/Jun/2026:14:15:00 +0200] "GET /wp-content/upgrade/?SA HTTP/2" 200 643 "https://web.janapremimavi.edu.np/wp-content/upgrade/" "Mozilla/5.0 AppleWebKit/537.36 (KHTML, like Gecko; compatible; GPTBot/1.4; +https://openai.com/gptbot)"
74.7.227.8 - - [18/Jun/2026:14:15:02 +0200] "GET /wp-includes/fonts/wp.php?dir=CwusrCwshareCwfontsCwurw-base35&view=P052-Italic.t1 HTTP/2" 200 161106 "https://web.janapremimavi.edu.np/wp-includes/fonts/wp.php?dir=CwusrCwshareCwfontsCwurw-base35" "Mozilla/5.0 AppleWebKit/537.36 (KHTML, like Gecko; compatible; GPTBot/1.4; +https://openai.com/gptbot)"
74.7.227.8 - - [18/Jun/2026:14:15:04 +0200] "GET /wp-includes/SimplePie/wp.php?dir=CwusrCwshareCwlocaleCwzh_CNCwLC_MESSAGES&download=iso_3166-1.mo HTTP/2" 200 9255 "https://web.janapremimavi.edu.np/wp-includes/SimplePie/wp.php?dir=CwusrCwshareCwlocaleCwzh_CNCwLC_MESSAGES" "Mozilla/5.0 AppleWebKit/537.36 (KHTML, like Gecko; compatible; GPTBot/1.4; +https://openai.com/gptbot)"
74.7.227.8 - - [18/Jun/2026:14:15:05 +0200] "GET /wp-includes/SimplePie/wp.php?dir=CwusrCwshareCwlocaleCwzh_CNCwLC_MESSAGES&download=iso_3166-3.mo HTTP/2" 200 1538 "https://web.janapremimavi.edu.np/wp-includes/SimplePie/wp.php?dir=CwusrCwshareCwlocaleCwzh_CNCwLC_MESSAGES" "Mozilla/5.0 AppleWebKit/537.36 (KHTML, like Gecko; compatible; GPTBot/1.4; +https://openai.com/gptbot)"
74.7.227.8 - - [18/Jun/2026:14:15:06 +0200] "GET /wp-includes/SimplePie/wp.php?dir=CwusrCwshareCwlocaleCwzh_CNCwLC_MESSAGES&download=iso_3166_2.mo HTTP/2" 200 61022 "https://web.janapremimavi.edu.np/wp-includes/SimplePie/wp.php?dir=CwusrCwshareCwlocaleCwzh_CNCwLC_MESSAGES" "Mozilla/5.0 AppleWebKit/537.36 (KHTML, like Gecko; compatible; GPTBot/1.4; +https://openai.com/gptbot)"
74.7.227.8 - - [18/Jun/2026:14:15:08 +0200] "GET /wp-includes/SimplePie/wp.php?dir=CwusrCwshareCwlocaleCwzh_CNCwLC_MESSAGES&download=iso_3166-2.mo HTTP/2" 200 61022 "https://web.janapremimavi.edu.np/wp-includes/SimplePie/wp.php?dir=CwusrCwshareCwlocaleCwzh_CNCwLC_MESSAGES" "Mozilla/5.0 AppleWebKit/537.36 (KHTML, like Gecko; compatible; GPTBot/1.4; +https://openai.com/gptbot)"
74.7.227.8 - - [18/Jun/2026:14:15:10 +0200] "GET /wp-includes/SimplePie/wp.php?dir=CwusrCwshareCwlocaleCwzh_CNCwLC_MESSAGES&download=iso_639-2.mo HTTP/2" 200 10787 "https://web.janapremimavi.edu.np/wp-includes/SimplePie/wp.php?dir=CwusrCwshareCwlocaleCwzh_CNCwLC_MESSAGES" "Mozilla/5.0 AppleWebKit/537.36 (KHTML, like Gecko; compatible; GPTBot/1.4; +https://openai.com/gptbot)"
74.7.227.8 - - [18/Jun/2026:14:15:11 +0200] "GET /wp-includes/SimplePie/wp.php?dir=CwusrCwshareCwlocaleCwzh_CNCwLC_MESSAGES&download=iso_639-3.mo HTTP/2" 200 6680 "https://web.janapremimavi.edu.np/wp-includes/SimplePie/wp.php?dir=CwusrCwshareCwlocaleCwzh_CNCwLC_MESSAGES" "Mozilla/5.0 AppleWebKit/537.36 (KHTML, like Gecko; compatible; GPTBot/1.4; +https://openai.com/gptbot)"
74.7.227.8 - - [18/Jun/2026:14:15:13 +0200] "GET /wp-includes/SimplePie/wp.php?dir=CwusrCwshareCwlocaleCwzh_CNCwLC_MESSAGES&download=iso_639_3.mo HTTP/2" 200 6680 "https://web.janapremimavi.edu.np/wp-includes/SimplePie/wp.php?dir=CwusrCwshareCwlocaleCwzh_CNCwLC_MESSAGES" "Mozilla/5.0 AppleWebKit/537.36 (KHTML, like Gecko; compatible; GPTBot/1.4; +https://openai.com/gptbot)"
74.7.227.8 - - [18/Jun/2026:14:15:14 +0200] "GET /wp-content/upgrade/?NA HTTP/2" 200 639 "https://web.janapremimavi.edu.np/wp-content/upgrade/?MA" "Mozilla/5.0 AppleWebKit/537.36 (KHTML, like Gecko; compatible; GPTBot/1.4; +https://openai.com/gptbot)"
74.7.227.8 - - [18/Jun/2026:14:15:16 +0200] "GET /wp-content/upgrade/?MD HTTP/2" 200 642 "https://web.janapremimavi.edu.np/wp-content/upgrade/?MA" "Mozilla/5.0 AppleWebKit/537.36 (KHTML, like Gecko; compatible; GPTBot/1.4; +https://openai.com/gptbot)"
74.7.227.8 - - [18/Jun/2026:14:15:17 +0200] "GET /wp-content/upgrade/?SD HTTP/2" 200 642 "https://web.janapremimavi.edu.np/wp-content/upgrade/?SA" "Mozilla/5.0 AppleWebKit/537.36 (KHTML, like Gecko; compatible; GPTBot/1.4; +https://openai.com/gptbot)"
74.7.227.8 - - [18/Jun/2026:14:15:18 +0200] "GET /wp-includes/interactivity-api/wp.php?dir=CwhomeCwtherahulCwwebFwjanapremimaviFweduFwnpCwwp-includes&edit=class-wp-list-util.php HTTP/2" 200 6189 "https://web.janapremimavi.edu.np/wp-includes/interactivity-api/wp.php?dir=CwhomeCwtherahulCwwebFwjanapremimaviFweduFwnpCwwp-includes" "Mozilla/5.0 AppleWebKit/537.36 (KHTML, like Gecko; compatible; GPTBot/1.4; +https://openai.com/gptbot)"
74.7.227.8 - - [18/Jun/2026:14:15:21 +0200] "GET /wp-admin/css/wp.php?dir=CwhomeCwtherahulCwdigitalsangitaFwcomCwwp-contentCwpluginsCwelementor-proCwmodulesCwpostsCwwidgets&download=posts.php HTTP/2" 200 1208 "https://web.janapremimavi.edu.np/wp-admin/css/wp.php?dir=CwhomeCwtherahulCwdigitalsangitaFwcomCwwp-contentCwpluginsCwelementor-proCwmodulesCwpostsCwwidgets" "Mozilla/5.0 AppleWebKit/537.36 (KHTML, like Gecko; compatible; GPTBot/1.4; +https://openai.com/gptbot)"
74.7.227.8 - - [18/Jun/2026:14:15:22 +0200] "GET /wp-admin/css/wp.php?dir=CwhomeCwtherahulCwdigitalsangitaFwcomCwwp-contentCwpluginsCwelementor-proCwmodulesCwannouncements&download=module.php HTTP/2" 200 1060 "https://web.janapremimavi.edu.np/wp-admin/css/wp.php?dir=CwhomeCwtherahulCwdigitalsangitaFwcomCwwp-contentCwpluginsCwelementor-proCwmodulesCwannouncements" "Mozilla/5.0 AppleWebKit/537.36 (KHTML, like Gecko; compatible; GPTBot/1.4; +https://openai.com/gptbot)"
74.7.227.8 - - [18/Jun/2026:14:15:24 +0200] "GET /wp-includes/block-supports/wp.php?dir=CwhomeCwtherahulCwpublic_htmlCwwp-contentCwpluginsCwwoocommerceCwincludesCwadminCwhelperCwviews&download=html-section-nav.php HTTP/2" 200 527 "https://web.janapremimavi.edu.np/wp-includes/block-supports/wp.php?dir=CwhomeCwtherahulCwpublic_htmlCwwp-contentCwpluginsCwwoocommerceCwincludesCwadminCwhelperCwviews" "Mozilla/5.0 AppleWebKit/537.36 (KHTML, like Gecko; compatible; GPTBot/1.4; +https://openai.com/gptbot)"
74.7.227.8 - - [18/Jun/2026:14:15:25 +0200] "GET /wp-admin/images/wp.php?dir=CwhomeCwtherahulCwtest2FwtherahuldasFwcomCwwp-includesCwfonts&edit=class-wp-font-collection.php HTTP/2" 200 6393 "https://web.janapremimavi.edu.np/wp-admin/images/wp.php?dir=CwhomeCwtherahulCwtest2FwtherahuldasFwcomCwwp-includesCwfonts" "Mozilla/5.0 AppleWebKit/537.36 (KHTML, like Gecko; compatible; GPTBot/1.4; +https://openai.com/gptbot)"
74.7.227.8 - - [18/Jun/2026:14:15:27 +0200] "GET /wp-admin/images/wp.php?dir=CwhomeCwtherahulCwtest1FwtherahuldasFwcomCwwp-includes&edit=class-wp-connector-registry.php HTTP/2" 200 7295 "https://web.janapremimavi.edu.np/wp-admin/images/wp.php?dir=CwhomeCwtherahulCwtest1FwtherahuldasFwcomCwwp-includes" "Mozilla/5.0 AppleWebKit/537.36 (KHTML, like Gecko; compatible; GPTBot/1.4; +https://openai.com/gptbot)"
74.7.227.8 - - [18/Jun/2026:14:15:29 +0200] "GET /wp-includes/block-supports/wp.php?dir=CwhomeCwtherahulCwtest2FwtherahuldasFwcomCwwp-adminCwincludes&edit=ms-admin-filters.php HTTP/2" 200 4419 "https://web.janapremimavi.edu.np/wp-includes/block-supports/wp.php?dir=CwhomeCwtherahulCwtest2FwtherahuldasFwcomCwwp-adminCwincludes" "Mozilla/5.0 AppleWebKit/537.36 (KHTML, like Gecko; compatible; GPTBot/1.4; +https://openai.com/gptbot)"
74.7.227.8 - - [18/Jun/2026:14:15:30 +0200] "GET /wp-admin/images/wp.php?dir=CwhomeCwtherahulCwtest2FwtherahuldasFwcomCwwp-includes&edit=global-styles-and-settings.php HTTP/2" 200 9747 "https://web.janapremimavi.edu.np/wp-admin/images/wp.php?dir=CwhomeCwtherahulCwtest2FwtherahuldasFwcomCwwp-includes" "Mozilla/5.0 AppleWebKit/537.36 (KHTML, like Gecko; compatible; GPTBot/1.4; +https://openai.com/gptbot)"
74.7.227.8 - - [18/Jun/2026:14:15:32 +0200] "GET /wp-admin/images/wp.php?dir=CwhomeCwtherahulCwtest2FwtherahuldasFwcomCwwp-includesCwblock-supports&edit=wp.php HTTP/2" 200 22675 "https://web.janapremimavi.edu.np/wp-admin/images/wp.php?dir=CwhomeCwtherahulCwtest2FwtherahuldasFwcomCwwp-includesCwblock-supports" "Mozilla/5.0 AppleWebKit/537.36 (KHTML, like Gecko; compatible; GPTBot/1.4; +https://openai.com/gptbot)"
74.7.227.8 - - [18/Jun/2026:14:15:34 +0200] "GET /wp-admin/images/wp.php?dir=CwhomeCwtherahulCwtest1FwtherahuldasFwcomCwwp-includesCwblock-supports&edit=aria-label.php HTTP/2" 200 4509 "https://web.janapremimavi.edu.np/wp-admin/images/wp.php?dir=CwhomeCwtherahulCwtest1FwtherahuldasFwcomCwwp-includesCwblock-supports" "Mozilla/5.0 AppleWebKit/537.36 (KHTML, like Gecko; compatible; GPTBot/1.4; +https://openai.com/gptbot)"
74.7.227.8 - - [18/Jun/2026:14:15:35 +0200] "GET /wp-includes/block-supports/wp.php?dir=CwhomeCwtherahulCwtest1FwtherahuldasFwcomCwwp-admin&edit=plugin-editor.php HTTP/2" 200 9068 "https://web.janapremimavi.edu.np/wp-includes/block-supports/wp.php?dir=CwhomeCwtherahulCwtest1FwtherahuldasFwcomCwwp-admin" "Mozilla/5.0 AppleWebKit/537.36 (KHTML, like Gecko; compatible; GPTBot/1.4; +https://openai.com/gptbot)"
74.7.227.8 - - [18/Jun/2026:14:15:37 +0200] "GET /wp-admin/images/wp.php?dir=CwhomeCwtherahulCwtest2FwtherahuldasFwcomCwwp-includes&edit=bookmark-template.php HTTP/2" 200 7408 "https://web.janapremimavi.edu.np/wp-admin/images/wp.php?dir=CwhomeCwtherahulCwtest2FwtherahuldasFwcomCwwp-includes" "Mozilla/5.0 AppleWebKit/537.36 (KHTML, like Gecko; compatible; GPTBot/1.4; +https://openai.com/gptbot)"
74.7.227.8 - - [18/Jun/2026:14:15:39 +0200] "GET /wp-includes/Text/wp.php?dir=CwhomeCwtherahulCwtest2FwtherahuldasFwcomCwwp-admin&edit=options-reading.php HTTP/2" 200 7230 "https://web.janapremimavi.edu.np/wp-includes/Text/wp.php?dir=CwhomeCwtherahulCwtest2FwtherahuldasFwcomCwwp-admin" "Mozilla/5.0 AppleWebKit/537.36 (KHTML, like Gecko; compatible; GPTBot/1.4; +https://openai.com/gptbot)"
74.7.227.8 - - [18/Jun/2026:14:15:40 +0200] "GET /wp-includes/block-supports/wp.php?dir=CwhomeCwtherahulCwtest2FwtherahuldasFwcomCwwp-admin&edit=contribute.php HTTP/2" 200 6081 "https://web.janapremimavi.edu.np/wp-includes/block-supports/wp.php?dir=CwhomeCwtherahulCwtest2FwtherahuldasFwcomCwwp-admin" "Mozilla/5.0 AppleWebKit/537.36 (KHTML, like Gecko; compatible; GPTBot/1.4; +https://openai.com/gptbot)"
74.7.227.8 - - [18/Jun/2026:14:15:42 +0200] "GET /wp-admin/images/wp.php?dir=CwhomeCwtherahulCwtest2FwtherahuldasFwcomCwwp-includesCwblock-supports&edit=aria-label.php HTTP/2" 200 4508 "https://web.janapremimavi.edu.np/wp-admin/images/wp.php?dir=CwhomeCwtherahulCwtest2FwtherahuldasFwcomCwwp-includesCwblock-supports" "Mozilla/5.0 AppleWebKit/537.36 (KHTML, like Gecko; compatible; GPTBot/1.4; +https://openai.com/gptbot)"
74.7.227.8 - - [18/Jun/2026:14:15:43 +0200] "GET /wp-admin/images/wp.php?dir=CwhomeCwtherahulCwtest1FwtherahuldasFwcomCwwp-includesCwblocks&edit=widget-group.php HTTP/2" 200 4734 "https://web.janapremimavi.edu.np/wp-admin/images/wp.php?dir=CwhomeCwtherahulCwtest1FwtherahuldasFwcomCwwp-includesCwblocks" "Mozilla/5.0 AppleWebKit/537.36 (KHTML, like Gecko; compatible; GPTBot/1.4; +https://openai.com/gptbot)"
74.7.227.8 - - [18/Jun/2026:14:15:45 +0200] "GET /wp-includes/block-supports/wp.php?dir=CwhomeCwtherahulCwtest1FwtherahuldasFwcomCwwp-admin&edit=moderation.php HTTP/2" 200 4076 "https://web.janapremimavi.edu.np/wp-includes/block-supports/wp.php?dir=CwhomeCwtherahulCwtest1FwtherahuldasFwcomCwwp-admin" "Mozilla/5.0 AppleWebKit/537.36 (KHTML, like Gecko; compatible; GPTBot/1.4; +https://openai.com/gptbot)"
74.7.227.8 - - [18/Jun/2026:14:15:47 +0200] "GET /wp-admin/images/wp.php?dir=CwhomeCwtherahulCwtest2FwtherahuldasFwcomCwwp-includes&edit=ms-functions.php HTTP/2" 200 25510 "https://web.janapremimavi.edu.np/wp-admin/images/wp.php?dir=CwhomeCwtherahulCwtest2FwtherahuldasFwcomCwwp-includes" "Mozilla/5.0 AppleWebKit/537.36 (KHTML, like Gecko; compatible; GPTBot/1.4; +https://openai.com/gptbot)"
74.7.227.8 - - [18/Jun/2026:14:15:48 +0200] "GET /wp-includes/block-supports/wp.php?dir=CwhomeCwtherahulCwtest1FwtherahuldasFwcomCwwp-admin&edit=load-styles.php HTTP/2" 200 5254 "https://web.janapremimavi.edu.np/wp-includes/block-supports/wp.php?dir=CwhomeCwtherahulCwtest1FwtherahuldasFwcomCwwp-admin" "Mozilla/5.0 AppleWebKit/537.36 (KHTML, like Gecko; compatible; GPTBot/1.4; +https://openai.com/gptbot)"
74.7.227.8 - - [18/Jun/2026:14:15:51 +0200] "GET /wp-admin/images/wp.php?dir=CwhomeCwtherahulCwmomotimesFwtherahuldasFwcomCwwp-includesCwID3&edit=module.audio.ogg.php HTTP/2" 200 12994 "https://web.janapremimavi.edu.np/wp-admin/images/wp.php?dir=CwhomeCwtherahulCwmomotimesFwtherahuldasFwcomCwwp-includesCwID3" "Mozilla/5.0 AppleWebKit/537.36 (KHTML, like Gecko; compatible; GPTBot/1.4; +https://openai.com/gptbot)"
74.7.227.8 - - [18/Jun/2026:14:15:52 +0200] "GET /wp-admin/images/wp.php?dir=CwhomeCwtherahulCwtest2FwtherahuldasFwcomCwwp-includes&edit=class-wp-connector-registry.php HTTP/2" 200 7329 "https://web.janapremimavi.edu.np/wp-admin/images/wp.php?dir=CwhomeCwtherahulCwtest2FwtherahuldasFwcomCwwp-includes" "Mozilla/5.0 AppleWebKit/537.36 (KHTML, like Gecko; compatible; GPTBot/1.4; +https://openai.com/gptbot)"
74.7.227.8 - - [18/Jun/2026:14:15:54 +0200] "GET /wp-admin/images/wp.php?dir=CwhomeCwtherahulCwtest1FwtherahuldasFwcomCwwp-includes&edit=block-patterns.php HTTP/2" 200 7493 "https://web.janapremimavi.edu.np/wp-admin/images/wp.php?dir=CwhomeCwtherahulCwtest1FwtherahuldasFwcomCwwp-includes" "Mozilla/5.0 AppleWebKit/537.36 (KHTML, like Gecko; compatible; GPTBot/1.4; +https://openai.com/gptbot)"
74.7.227.8 - - [18/Jun/2026:14:15:56 +0200] "GET /wp-includes/block-supports/wp.php?dir=CwhomeCwtherahulCwtest1FwtherahuldasFwcomCwwp-admin&edit=customize.php HTTP/2" 200 7934 "https://web.janapremimavi.edu.np/wp-includes/block-supports/wp.php?dir=CwhomeCwtherahulCwtest1FwtherahuldasFwcomCwwp-admin" "Mozilla/5.0 AppleWebKit/537.36 (KHTML, like Gecko; compatible; GPTBot/1.4; +https://openai.com/gptbot)"
74.7.227.8 - - [18/Jun/2026:14:15:58 +0200] "GET /wp-includes/block-supports/wp.php?dir=CwhomeCwtherahulCwtest1FwtherahuldasFwcomCwwp-admin&edit=options-permalink.php HTTP/2" 200 10111 "https://web.janapremimavi.edu.np/wp-includes/block-supports/wp.php?dir=CwhomeCwtherahulCwtest1FwtherahuldasFwcomCwwp-admin" "Mozilla/5.0 AppleWebKit/537.36 (KHTML, like Gecko; compatible; GPTBot/1.4; +https://openai.com/gptbot)"
74.7.227.8 - - [18/Jun/2026:14:16:00 +0200] "GET /wp-admin/images/wp.php?dir=CwhomeCwtherahulCwtest1FwtherahuldasFwcomCwwp-includesCwblocks&edit=term-name.php HTTP/2" 200 4819 "https://web.janapremimavi.edu.np/wp-admin/images/wp.php?dir=CwhomeCwtherahulCwtest1FwtherahuldasFwcomCwwp-includesCwblocks" "Mozilla/5.0 AppleWebKit/537.36 (KHTML, like Gecko; compatible; GPTBot/1.4; +https://openai.com/gptbot)"
74.7.227.8 - - [18/Jun/2026:14:16:01 +0200] "GET /wp-admin/images/wp.php?dir=CwhomeCwtherahulCwtest1FwtherahuldasFwcomCwwp-includes&edit=class-snoopy.php HTTP/2" 200 12639 "https://web.janapremimavi.edu.np/wp-admin/images/wp.php?dir=CwhomeCwtherahulCwtest1FwtherahuldasFwcomCwwp-includes" "Mozilla/5.0 AppleWebKit/537.36 (KHTML, like Gecko; compatible; GPTBot/1.4; +https://openai.com/gptbot)"
74.7.227.8 - - [18/Jun/2026:14:16:03 +0200] "GET /wp-admin/images/wp.php?dir=CwhomeCwtherahulCwtest1FwtherahuldasFwcomCwwp-includes&edit=class-wp-block-processor.php HTTP/2" 200 21785 "https://web.janapremimavi.edu.np/wp-admin/images/wp.php?dir=CwhomeCwtherahulCwtest1FwtherahuldasFwcomCwwp-includes" "Mozilla/5.0 AppleWebKit/537.36 (KHTML, like Gecko; compatible; GPTBot/1.4; +https://openai.com/gptbot)"
74.7.227.8 - - [18/Jun/2026:14:16:05 +0200] "GET /wp-admin/images/wp.php?dir=CwhomeCwtherahulCwtest1FwtherahuldasFwcomCwwp-includesCwblocks&edit=site-logo.php HTTP/2" 200 5881 "https://web.janapremimavi.edu.np/wp-admin/images/wp.php?dir=CwhomeCwtherahulCwtest1FwtherahuldasFwcomCwwp-includesCwblocks" "Mozilla/5.0 AppleWebKit/537.36 (KHTML, like Gecko; compatible; GPTBot/1.4; +https://openai.com/gptbot)"
74.7.227.8 - - [18/Jun/2026:14:16:07 +0200] "GET /wp-includes/block-supports/wp.php?dir=CwhomeCwtherahulCwtest1FwtherahuldasFwcomCwwp-admin&edit=plugins.php HTTP/2" 200 12009 "https://web.janapremimavi.edu.np/wp-includes/block-supports/wp.php?dir=CwhomeCwtherahulCwtest1FwtherahuldasFwcomCwwp-admin" "Mozilla/5.0 AppleWebKit/537.36 (KHTML, like Gecko; compatible; GPTBot/1.4; +https://openai.com/gptbot)"
216.73.217.145 - - [18/Jun/2026:14:04:03 +0200] "GET /wp-content/plugins/elementor/core/isolation/plugin-status-adapter-interface.php HTTP/2" 200 0 "-" "Mozilla/5.0 AppleWebKit/537.36 (KHTML, like Gecko; compatible; ClaudeBot/1.0; +claudebot@anthropic.com)"
216.73.217.145 - - [18/Jun/2026:14:04:03 +0200] "GET /wp-includes/block-supports/background.php HTTP/2" 500 0 "-" "Mozilla/5.0 AppleWebKit/537.36 (KHTML, like Gecko; compatible; ClaudeBot/1.0; +claudebot@anthropic.com)"
216.73.217.145 - - [18/Jun/2026:14:04:03 +0200] "GET /wp-includes/block-supports/border.php HTTP/2" 500 0 "-" "Mozilla/5.0 AppleWebKit/537.36 (KHTML, like Gecko; compatible; ClaudeBot/1.0; +claudebot@anthropic.com)"
216.73.217.145 - - [18/Jun/2026:14:04:03 +0200] "GET /wp-includes/block-supports/elements.php HTTP/2" 500 0 "-" "Mozilla/5.0 AppleWebKit/537.36 (KHTML, like Gecko; compatible; ClaudeBot/1.0; +claudebot@anthropic.com)"
216.73.217.145 - - [18/Jun/2026:14:04:42 +0200] "GET /wp-includes/block-supports/generated-classname.php HTTP/2" 500 0 "-" "Mozilla/5.0 AppleWebKit/537.36 (KHTML, like Gecko; compatible; ClaudeBot/1.0; +claudebot@anthropic.com)"
216.73.217.145 - - [18/Jun/2026:14:04:42 +0200] "GET /wp-content/plugins/elementor/core/ HTTP/2" 200 1475 "-" "Mozilla/5.0 AppleWebKit/537.36 (KHTML, like Gecko; compatible; ClaudeBot/1.0; +claudebot@anthropic.com)"
216.73.217.145 - - [18/Jun/2026:14:04:43 +0200] "GET /wp-includes/block-supports/wp.php HTTP/2" 200 7075 "-" "Mozilla/5.0 AppleWebKit/537.36 (KHTML, like Gecko; compatible; ClaudeBot/1.0; +claudebot@anthropic.com)"
216.73.217.145 - - [18/Jun/2026:14:04:43 +0200] "GET /wp-includes/block-supports/settings.php HTTP/2" 500 0 "-" "Mozilla/5.0 AppleWebKit/537.36 (KHTML, like Gecko; compatible; ClaudeBot/1.0; +claudebot@anthropic.com)"
216.73.217.145 - - [18/Jun/2026:14:05:44 +0200] "GET /wp-includes/block-supports/dimensions.php HTTP/2" 500 0 "-" "Mozilla/5.0 AppleWebKit/537.36 (KHTML, like Gecko; compatible; ClaudeBot/1.0; +claudebot@anthropic.com)"
216.73.217.145 - - [18/Jun/2026:14:05:44 +0200] "GET /wp-content/plugins/elementor/app/modules/import-export-customization/runners/export/plugins.php HTTP/2" 500 0 "-" "Mozilla/5.0 AppleWebKit/537.36 (KHTML, like Gecko; compatible; ClaudeBot/1.0; +claudebot@anthropic.com)"
216.73.217.145 - - [18/Jun/2026:14:05:44 +0200] "GET /wp-content/plugins/elementor/core/isolation/error_log HTTP/2" 403 787 "-" "Mozilla/5.0 AppleWebKit/537.36 (KHTML, like Gecko; compatible; ClaudeBot/1.0; +claudebot@anthropic.com)"
216.73.217.145 - - [18/Jun/2026:14:05:44 +0200] "GET /wp-includes/block-supports/typography.php HTTP/2" 500 0 "-" "Mozilla/5.0 AppleWebKit/537.36 (KHTML, like Gecko; compatible; ClaudeBot/1.0; +claudebot@anthropic.com)"
216.73.217.145 - - [18/Jun/2026:14:10:44 +0200] "GET /wp-content/plugins/elementor/app/modules/import-export/runners/revert/error_log HTTP/2" 403 787 "-" "Mozilla/5.0 AppleWebKit/537.36 (KHTML, like Gecko; compatible; ClaudeBot/1.0; +claudebot@anthropic.com)"
216.73.217.145 - - [18/Jun/2026:14:10:48 +0200] "GET /wp-content/uploads/elementor/tmp/690772ccdccce/ HTTP/2" 403 787 "-" "Mozilla/5.0 AppleWebKit/537.36 (KHTML, like Gecko; compatible; ClaudeBot/1.0; +claudebot@anthropic.com)"
216.73.217.145 - - [18/Jun/2026:14:10:53 +0200] "GET /wp-content/plugins/elementor/app/modules/import-export/runners/revert/wp-content.php HTTP/2" 500 0 "-" "Mozilla/5.0 AppleWebKit/537.36 (KHTML, like Gecko; compatible; ClaudeBot/1.0; +claudebot@anthropic.com)"
216.73.217.145 - - [18/Jun/2026:14:10:58 +0200] "GET /wp-content/plugins/elementor/app/modules/import-export/runners/revert/elementor-content.php HTTP/2" 500 0 "-" "Mozilla/5.0 AppleWebKit/537.36 (KHTML, like Gecko; compatible; ClaudeBot/1.0; +claudebot@anthropic.com)"
216.73.217.145 - - [18/Jun/2026:14:16:18 +0200] "GET /_autoindex/assets/icons/folder-fill.svg HTTP/2" 200 333 "-" "Mozilla/5.0 AppleWebKit/537.36 (KHTML, like Gecko; compatible; ClaudeBot/1.0; +claudebot@anthropic.com)"
74.7.227.8 - - [18/Jun/2026:14:16:09 +0200] "GET /wp-admin/images/wp.php?dir=CwhomeCwtherahulCwtest1FwtherahuldasFwcomCwwp-includesCwblocks&edit=rss.php HTTP/2" 200 5790 "https://web.janapremimavi.edu.np/wp-admin/images/wp.php?dir=CwhomeCwtherahulCwtest1FwtherahuldasFwcomCwwp-includesCwblocks" "Mozilla/5.0 AppleWebKit/537.36 (KHTML, like Gecko; compatible; GPTBot/1.4; +https://openai.com/gptbot)"
74.7.227.8 - - [18/Jun/2026:14:16:10 +0200] "GET /wp-admin/images/wp.php?dir=CwhomeCwtherahulCwtest2FwtherahuldasFwcomCwwp-includes&edit=class-wp-block-templates-registry.php HTTP/2" 200 5796 "https://web.janapremimavi.edu.np/wp-admin/images/wp.php?dir=CwhomeCwtherahulCwtest2FwtherahuldasFwcomCwwp-includes" "Mozilla/5.0 AppleWebKit/537.36 (KHTML, like Gecko; compatible; GPTBot/1.4; +https://openai.com/gptbot)"
74.7.227.8 - - [18/Jun/2026:14:16:12 +0200] "GET /wp-includes/block-supports/wp.php?dir=CwhomeCwtherahulCwtest2FwtherahuldasFwcomCwwp-admin&edit=options-writing.php HTTP/2" 200 7179 "https://web.janapremimavi.edu.np/wp-includes/block-supports/wp.php?dir=CwhomeCwtherahulCwtest2FwtherahuldasFwcomCwwp-admin" "Mozilla/5.0 AppleWebKit/537.36 (KHTML, like Gecko; compatible; GPTBot/1.4; +https://openai.com/gptbot)"
74.7.227.8 - - [18/Jun/2026:14:16:13 +0200] "GET /wp-admin/images/wp.php?dir=CwhomeCwtherahulCwtest1FwtherahuldasFwcomCwwp-includesCwblocks&edit=site-tagline.php HTTP/2" 200 4483 "https://web.janapremimavi.edu.np/wp-admin/images/wp.php?dir=CwhomeCwtherahulCwtest1FwtherahuldasFwcomCwwp-includesCwblocks" "Mozilla/5.0 AppleWebKit/537.36 (KHTML, like Gecko; compatible; GPTBot/1.4; +https://openai.com/gptbot)"
74.7.227.8 - - [18/Jun/2026:14:16:15 +0200] "GET /wp-admin/images/wp.php?dir=CwhomeCwtherahulCwtest1FwtherahuldasFwcomCwwp-includes&edit=bookmark-template.php HTTP/2" 200 7378 "https://web.janapremimavi.edu.np/wp-admin/images/wp.php?dir=CwhomeCwtherahulCwtest1FwtherahuldasFwcomCwwp-includes" "Mozilla/5.0 AppleWebKit/537.36 (KHTML, like Gecko; compatible; GPTBot/1.4; +https://openai.com/gptbot)"
74.7.227.8 - - [18/Jun/2026:14:16:17 +0200] "GET /wp-includes/block-supports/wp.php?dir=CwhomeCwtherahulCwtest1FwtherahuldasFwcomCwwp-admin&edit=link-parse-opml.php HTTP/2" 200 4983 "https://web.janapremimavi.edu.np/wp-includes/block-supports/wp.php?dir=CwhomeCwtherahulCwtest1FwtherahuldasFwcomCwwp-admin" "Mozilla/5.0 AppleWebKit/537.36 (KHTML, like Gecko; compatible; GPTBot/1.4; +https://openai.com/gptbot)"
74.7.227.8 - - [18/Jun/2026:14:16:19 +0200] "GET /wp-includes/fonts/wp.php?dir=CwhomeCwtherahulCwtest2FwtherahuldasFwcomCwwp-admin&edit=async-upload.php HTTP/2" 200 6348 "https://web.janapremimavi.edu.np/wp-includes/fonts/wp.php?dir=CwhomeCwtherahulCwtest2FwtherahuldasFwcomCwwp-admin" "Mozilla/5.0 AppleWebKit/537.36 (KHTML, like Gecko; compatible; GPTBot/1.4; +https://openai.com/gptbot)"
74.7.227.8 - - [18/Jun/2026:14:16:20 +0200] "GET /wp-includes/Text/wp.php?dir=CwhomeCwtherahulCwtest2FwtherahuldasFwcomCwwp-admin&edit=edit-form-advanced.php HTTP/2" 200 13372 "https://web.janapremimavi.edu.np/wp-includes/Text/wp.php?dir=CwhomeCwtherahulCwtest2FwtherahuldasFwcomCwwp-admin" "Mozilla/5.0 AppleWebKit/537.36 (KHTML, like Gecko; compatible; GPTBot/1.4; +https://openai.com/gptbot)"
74.7.227.8 - - [18/Jun/2026:14:16:22 +0200] "GET /wp-admin/images/wp.php?dir=CwhomeCwtherahulCwtest1FwtherahuldasFwcomCwwp-includes&edit=class-wp-block-templates-registry.php HTTP/2" 200 5761 "https://web.janapremimavi.edu.np/wp-admin/images/wp.php?dir=CwhomeCwtherahulCwtest1FwtherahuldasFwcomCwwp-includes" "Mozilla/5.0 AppleWebKit/537.36 (KHTML, like Gecko; compatible; GPTBot/1.4; +https://openai.com/gptbot)"
74.7.227.8 - - [18/Jun/2026:14:16:24 +0200] "GET /wp-admin/images/wp.php?dir=CwhomeCwtherahulCwtest1FwtherahuldasFwcomCwwp-includes&edit=class-wp-taxonomy.php HTTP/2" 200 8620 "https://web.janapremimavi.edu.np/wp-admin/images/wp.php?dir=CwhomeCwtherahulCwtest1FwtherahuldasFwcomCwwp-includes" "Mozilla/5.0 AppleWebKit/537.36 (KHTML, like Gecko; compatible; GPTBot/1.4; +https://openai.com/gptbot)"
74.7.227.8 - - [18/Jun/2026:14:16:26 +0200] "GET /wp-includes/block-supports/wp.php?dir=CwhomeCwtherahulCwtest2FwtherahuldasFwcomCwwp-admin&edit=edit-link-form.php HTTP/2" 200 6282 "https://web.janapremimavi.edu.np/wp-includes/block-supports/wp.php?dir=CwhomeCwtherahulCwtest2FwtherahuldasFwcomCwwp-admin" "Mozilla/5.0 AppleWebKit/537.36 (KHTML, like Gecko; compatible; GPTBot/1.4; +https://openai.com/gptbot)"
74.7.227.8 - - [18/Jun/2026:14:16:28 +0200] "GET /wp-includes/block-supports/wp.php?dir=CwhomeCwtherahulCwtest2FwtherahuldasFwcomCwwp-admin&edit=export.php HTTP/2" 200 7365 "https://web.janapremimavi.edu.np/wp-includes/block-supports/wp.php?dir=CwhomeCwtherahulCwtest2FwtherahuldasFwcomCwwp-admin" "Mozilla/5.0 AppleWebKit/537.36 (KHTML, like Gecko; compatible; GPTBot/1.4; +https://openai.com/gptbot)"
74.7.227.8 - - [18/Jun/2026:14:16:29 +0200] "GET /wp-admin/images/wp.php?dir=CwhomeCwtherahulCwtest2FwtherahuldasFwcomCwwp-includes&edit=class-wp-block-supports.php HTTP/2" 200 5874 "https://web.janapremimavi.edu.np/wp-admin/images/wp.php?dir=CwhomeCwtherahulCwtest2FwtherahuldasFwcomCwwp-includes" "Mozilla/5.0 AppleWebKit/537.36 (KHTML, like Gecko; compatible; GPTBot/1.4; +https://openai.com/gptbot)"
74.7.227.8 - - [18/Jun/2026:14:16:31 +0200] "GET /wp-includes/block-supports/wp.php?dir=CwhomeCwtherahulCwtest2FwtherahuldasFwcomCwwp-admin&edit=async-upload.php HTTP/2" 200 6345 "https://web.janapremimavi.edu.np/wp-includes/block-supports/wp.php?dir=CwhomeCwtherahulCwtest2FwtherahuldasFwcomCwwp-admin" "Mozilla/5.0 AppleWebKit/537.36 (KHTML, like Gecko; compatible; GPTBot/1.4; +https://openai.com/gptbot)"
74.7.227.8 - - [18/Jun/2026:14:16:33 +0200] "GET /wp-includes/Text/wp.php?dir=CwhomeCwtherahulCwtest1FwtherahuldasFwcomCwwp-adminCwincludes&edit=ms-admin-filters.php HTTP/2" 200 4403 "https://web.janapremimavi.edu.np/wp-includes/Text/wp.php?dir=CwhomeCwtherahulCwtest1FwtherahuldasFwcomCwwp-adminCwincludes" "Mozilla/5.0 AppleWebKit/537.36 (KHTML, like Gecko; compatible; GPTBot/1.4; +https://openai.com/gptbot)"
216.73.217.145 - - [18/Jun/2026:14:16:34 +0200] "GET /wp-content/plugins/elementor-pro/modules/display-conditions/conditions/time-of-the-day-condition.php HTTP/2" 200 0 "-" "Mozilla/5.0 AppleWebKit/537.36 (KHTML, like Gecko; compatible; ClaudeBot/1.0; +claudebot@anthropic.com)"
74.7.227.8 - - [18/Jun/2026:14:16:34 +0200] "GET /wp-admin/images/wp.php?dir=CwhomeCwtherahulCwtest1FwtherahuldasFwcomCwwp-includes&edit=class-wp-block-metadata-registry.php HTTP/2" 200 7348 "https://web.janapremimavi.edu.np/wp-admin/images/wp.php?dir=CwhomeCwtherahulCwtest1FwtherahuldasFwcomCwwp-includes" "Mozilla/5.0 AppleWebKit/537.36 (KHTML, like Gecko; compatible; GPTBot/1.4; +https://openai.com/gptbot)"
74.7.227.8 - - [18/Jun/2026:14:16:36 +0200] "GET /wp-admin/images/wp.php?dir=CwhomeCwtherahulCwtest2FwtherahuldasFwcomCwwp-includesCwfonts&edit=class-wp-font-face.php HTTP/2" 200 6719 "https://web.janapremimavi.edu.np/wp-admin/images/wp.php?dir=CwhomeCwtherahulCwtest2FwtherahuldasFwcomCwwp-includesCwfonts" "Mozilla/5.0 AppleWebKit/537.36 (KHTML, like Gecko; compatible; GPTBot/1.4; +https://openai.com/gptbot)"
216.73.217.145 - - [18/Jun/2026:14:16:38 +0200] "GET /wp-content/plugins/elementor-pro/modules/display-conditions/conditions/day-of-the-week-condition.php HTTP/2" 200 0 "-" "Mozilla/5.0 AppleWebKit/537.36 (KHTML, like Gecko; compatible; ClaudeBot/1.0; +claudebot@anthropic.com)"
74.7.227.8 - - [18/Jun/2026:14:16:38 +0200] "GET /wp-includes/block-supports/wp.php?dir=CwhomeCwtherahulCwtest1FwtherahuldasFwcomCwwp-admin&edit=link-add.php HTTP/2" 200 4393 "https://web.janapremimavi.edu.np/wp-includes/block-supports/wp.php?dir=CwhomeCwtherahulCwtest1FwtherahuldasFwcomCwwp-admin" "Mozilla/5.0 AppleWebKit/537.36 (KHTML, like Gecko; compatible; GPTBot/1.4; +https://openai.com/gptbot)"
74.7.227.8 - - [18/Jun/2026:14:16:40 +0200] "GET /wp-admin/images/wp.php?dir=CwhomeCwtherahulCwtest1FwtherahuldasFwcomCwwp-includes&edit=class-wp-block.php HTTP/2" 200 10877 "https://web.janapremimavi.edu.np/wp-admin/images/wp.php?dir=CwhomeCwtherahulCwtest1FwtherahuldasFwcomCwwp-includes" "Mozilla/5.0 AppleWebKit/537.36 (KHTML, like Gecko; compatible; GPTBot/1.4; +https://openai.com/gptbot)"
74.7.227.8 - - [18/Jun/2026:14:16:42 +0200] "GET /wp-includes/block-supports/wp.php?dir=CwhomeCwtherahulCwtest2FwtherahuldasFwcomCwwp-admin&edit=options-reading.php HTTP/2" 200 7258 "https://web.janapremimavi.edu.np/wp-includes/block-supports/wp.php?dir=CwhomeCwtherahulCwtest2FwtherahuldasFwcomCwwp-admin" "Mozilla/5.0 AppleWebKit/537.36 (KHTML, like Gecko; compatible; GPTBot/1.4; +https://openai.com/gptbot)"
216.73.217.145 - - [18/Jun/2026:14:16:43 +0200] "GET /wp-content/plugins/elementor-pro/modules/display-conditions/conditions/archive-of-tag-condition.php HTTP/2" 200 0 "-" "Mozilla/5.0 AppleWebKit/537.36 (KHTML, like Gecko; compatible; ClaudeBot/1.0; +claudebot@anthropic.com)"
74.7.227.8 - - [18/Jun/2026:14:16:43 +0200] "GET /wp-includes/block-supports/wp.php?dir=CwhomeCwtherahulCwtest2FwtherahuldasFwcomCwwp-admin&edit=options-permalink.php HTTP/2" 200 10147 "https://web.janapremimavi.edu.np/wp-includes/block-supports/wp.php?dir=CwhomeCwtherahulCwtest2FwtherahuldasFwcomCwwp-admin" "Mozilla/5.0 AppleWebKit/537.36 (KHTML, like Gecko; compatible; GPTBot/1.4; +https://openai.com/gptbot)"
74.7.227.8 - - [18/Jun/2026:14:16:45 +0200] "GET /wp-admin/images/wp.php?dir=CwhomeCwtherahulCwtest2FwtherahuldasFwcomCwwp-includes&edit=class-snoopy.php HTTP/2" 200 12659 "https://web.janapremimavi.edu.np/wp-admin/images/wp.php?dir=CwhomeCwtherahulCwtest2FwtherahuldasFwcomCwwp-includes" "Mozilla/5.0 AppleWebKit/537.36 (KHTML, like Gecko; compatible; GPTBot/1.4; +https://openai.com/gptbot)"
74.7.227.8 - - [18/Jun/2026:14:16:47 +0200] "GET /wp-includes/Text/wp.php?dir=CwhomeCwtherahulCwtest1FwtherahuldasFwcomCwwp-admin&edit=edit-form-advanced.php HTTP/2" 200 13340 "https://web.janapremimavi.edu.np/wp-includes/Text/wp.php?dir=CwhomeCwtherahulCwtest1FwtherahuldasFwcomCwwp-admin" "Mozilla/5.0 AppleWebKit/537.36 (KHTML, like Gecko; compatible; GPTBot/1.4; +https://openai.com/gptbot)"
74.7.227.8 - - [18/Jun/2026:14:16:49 +0200] "GET /wp-admin/images/wp.php?dir=CwhomeCwtherahulCwtest1FwtherahuldasFwcomCwwp-includes&edit=class-wp-customize-control.php HTTP/2" 200 10153 "https://web.janapremimavi.edu.np/wp-admin/images/wp.php?dir=CwhomeCwtherahulCwtest1FwtherahuldasFwcomCwwp-includes" "Mozilla/5.0 AppleWebKit/537.36 (KHTML, like Gecko; compatible; GPTBot/1.4; +https://openai.com/gptbot)"
74.7.227.8 - - [18/Jun/2026:14:16:50 +0200] "GET /wp-admin/images/wp.php?dir=CwhomeCwtherahulCwashishFwtherahuldasFwcomCwwp-includesCwID3&edit=module.audio.ogg.php HTTP/2" 200 13014 "https://web.janapremimavi.edu.np/wp-admin/images/wp.php?dir=CwhomeCwtherahulCwashishFwtherahuldasFwcomCwwp-includesCwID3" "Mozilla/5.0 AppleWebKit/537.36 (KHTML, like Gecko; compatible; GPTBot/1.4; +https://openai.com/gptbot)"
74.7.227.8 - - [18/Jun/2026:14:16:52 +0200] "GET /wp-admin/images/wp.php?dir=CwhomeCwtherahulCwtest1FwtherahuldasFwcomCwwp-includes&edit=class-wp-recovery-mode.php HTTP/2" 200 7220 "https://web.janapremimavi.edu.np/wp-admin/images/wp.php?dir=CwhomeCwtherahulCwtest1FwtherahuldasFwcomCwwp-includes" "Mozilla/5.0 AppleWebKit/537.36 (KHTML, like Gecko; compatible; GPTBot/1.4; +https://openai.com/gptbot)"
74.7.227.8 - - [18/Jun/2026:14:16:54 +0200] "GET /wp-admin/images/wp.php?dir=CwhomeCwtherahulCwtest1FwtherahuldasFwcomCwwp-includes&edit=global-styles-and-settings.php HTTP/2" 200 9700 "https://web.janapremimavi.edu.np/wp-admin/images/wp.php?dir=CwhomeCwtherahulCwtest1FwtherahuldasFwcomCwwp-includes" "Mozilla/5.0 AppleWebKit/537.36 (KHTML, like Gecko; compatible; GPTBot/1.4; +https://openai.com/gptbot)"
74.7.227.8 - - [18/Jun/2026:14:16:56 +0200] "GET /wp-admin/images/wp.php?dir=CwhomeCwtherahulCwtest2FwtherahuldasFwcomCwwp-includesCwblocks&edit=social-link.php HTTP/2" 200 28190 "https://web.janapremimavi.edu.np/wp-admin/images/wp.php?dir=CwhomeCwtherahulCwtest2FwtherahuldasFwcomCwwp-includesCwblocks" "Mozilla/5.0 AppleWebKit/537.36 (KHTML, like Gecko; compatible; GPTBot/1.4; +https://openai.com/gptbot)"
74.7.227.8 - - [18/Jun/2026:14:16:57 +0200] "GET /wp-admin/images/wp.php?dir=CwhomeCwtherahulCwtest1FwtherahuldasFwcomCwwp-includesCwblocks&edit=media-text.php HTTP/2" 200 5465 "https://web.janapremimavi.edu.np/wp-admin/images/wp.php?dir=CwhomeCwtherahulCwtest1FwtherahuldasFwcomCwwp-includesCwblocks" "Mozilla/5.0 AppleWebKit/537.36 (KHTML, like Gecko; compatible; GPTBot/1.4; +https://openai.com/gptbot)"
74.7.227.8 - - [18/Jun/2026:14:16:59 +0200] "GET /wp-admin/images/wp.php?dir=CwhomeCwtherahulCwtest2FwtherahuldasFwcomCwwp-includesCwblock-patterns&edit=wp.php HTTP/2" 200 22671 "https://web.janapremimavi.edu.np/wp-admin/images/wp.php?dir=CwhomeCwtherahulCwtest2FwtherahuldasFwcomCwwp-includesCwblock-patterns" "Mozilla/5.0 AppleWebKit/537.36 (KHTML, like Gecko; compatible; GPTBot/1.4; +https://openai.com/gptbot)"
74.7.227.8 - - [18/Jun/2026:14:17:00 +0200] "GET /wp-includes/Text/wp.php?dir=CwhomeCwtherahulCwtest2FwtherahuldasFwcomCwwp-admin&edit=plugin-editor.php HTTP/2" 200 9079 "https://web.janapremimavi.edu.np/wp-includes/Text/wp.php?dir=CwhomeCwtherahulCwtest2FwtherahuldasFwcomCwwp-admin" "Mozilla/5.0 AppleWebKit/537.36 (KHTML, like Gecko; compatible; GPTBot/1.4; +https://openai.com/gptbot)"
74.7.227.8 - - [18/Jun/2026:14:17:02 +0200] "GET /wp-admin/images/wp.php?dir=CwhomeCwtherahulCwtest1FwtherahuldasFwcomCwwp-includesCwblock-patterns&edit=wp.php HTTP/2" 200 22671 "https://web.janapremimavi.edu.np/wp-admin/images/wp.php?dir=CwhomeCwtherahulCwtest1FwtherahuldasFwcomCwwp-includesCwblock-patterns" "Mozilla/5.0 AppleWebKit/537.36 (KHTML, like Gecko; compatible; GPTBot/1.4; +https://openai.com/gptbot)"
74.7.227.8 - - [18/Jun/2026:14:17:04 +0200] "GET /wp-includes/block-supports/wp.php?dir=CwhomeCwtherahulCwtest2FwtherahuldasFwcomCwwp-admin&edit=plugin-editor.php HTTP/2" 200 9096 "https://web.janapremimavi.edu.np/wp-includes/block-supports/wp.php?dir=CwhomeCwtherahulCwtest2FwtherahuldasFwcomCwwp-admin" "Mozilla/5.0 AppleWebKit/537.36 (KHTML, like Gecko; compatible; GPTBot/1.4; +https://openai.com/gptbot)"
74.7.227.8 - - [18/Jun/2026:14:17:05 +0200] "GET /wp-admin/images/wp.php?dir=CwhomeCwtherahulCwtest2FwtherahuldasFwcomCwwp-includes&edit=class-wp-textdomain-registry.php HTTP/2" 200 7047 "https://web.janapremimavi.edu.np/wp-admin/images/wp.php?dir=CwhomeCwtherahulCwtest2FwtherahuldasFwcomCwwp-includes" "Mozilla/5.0 AppleWebKit/537.36 (KHTML, like Gecko; compatible; GPTBot/1.4; +https://openai.com/gptbot)"
74.7.227.8 - - [18/Jun/2026:14:17:07 +0200] "GET /wp-includes/block-supports/wp.php?dir=CwhomeCwtherahulCwtest1FwtherahuldasFwcomCwwp-admin&edit=options-reading.php HTTP/2" 200 7215 "https://web.janapremimavi.edu.np/wp-includes/block-supports/wp.php?dir=CwhomeCwtherahulCwtest1FwtherahuldasFwcomCwwp-admin" "Mozilla/5.0 AppleWebKit/537.36 (KHTML, like Gecko; compatible; GPTBot/1.4; +https://openai.com/gptbot)"
74.7.227.8 - - [18/Jun/2026:14:17:09 +0200] "GET /wp-includes/block-supports/wp.php?dir=CwhomeCwtherahulCwtest1FwtherahuldasFwcomCwwp-admin&edit=freedoms.php HTTP/2" 200 5681 "https://web.janapremimavi.edu.np/wp-includes/block-supports/wp.php?dir=CwhomeCwtherahulCwtest1FwtherahuldasFwcomCwwp-admin" "Mozilla/5.0 AppleWebKit/537.36 (KHTML, like Gecko; compatible; GPTBot/1.4; +https://openai.com/gptbot)"
74.7.227.8 - - [18/Jun/2026:14:17:11 +0200] "GET /wp-includes/fonts/wp.php?dir=CwhomeCwtherahulCwtest1FwtherahuldasFwcomCwwp-admin&edit=link-parse-opml.php HTTP/2" 200 5001 "https://web.janapremimavi.edu.np/wp-includes/fonts/wp.php?dir=CwhomeCwtherahulCwtest1FwtherahuldasFwcomCwwp-admin" "Mozilla/5.0 AppleWebKit/537.36 (KHTML, like Gecko; compatible; GPTBot/1.4; +https://openai.com/gptbot)"
74.7.227.8 - - [18/Jun/2026:14:17:13 +0200] "GET /wp-includes/block-supports/wp.php?dir=CwhomeCwtherahulCwtest2FwtherahuldasFwcomCwwp-admin&edit=authorize-application.php HTTP/2" 200 7254 "https://web.janapremimavi.edu.np/wp-includes/block-supports/wp.php?dir=CwhomeCwtherahulCwtest2FwtherahuldasFwcomCwwp-admin" "Mozilla/5.0 AppleWebKit/537.36 (KHTML, like Gecko; compatible; GPTBot/1.4; +https://openai.com/gptbot)"
216.73.217.145 - - [18/Jun/2026:14:17:15 +0200] "GET /wp-content/plugins/elementor-pro/modules/display-conditions/conditions/archive-of-category-condition.php HTTP/2" 200 0 "-" "Mozilla/5.0 AppleWebKit/537.36 (KHTML, like Gecko; compatible; ClaudeBot/1.0; +claudebot@anthropic.com)"
74.7.227.8 - - [18/Jun/2026:14:17:14 +0200] "GET /wp-includes/block-supports/wp.php?dir=CwhomeCwtherahulCwtest1FwtherahuldasFwcomCwwp-admin&edit=ms-upgrade-network.php HTTP/2" 200 4059 "https://web.janapremimavi.edu.np/wp-includes/block-supports/wp.php?dir=CwhomeCwtherahulCwtest1FwtherahuldasFwcomCwwp-admin" "Mozilla/5.0 AppleWebKit/537.36 (KHTML, like Gecko; compatible; GPTBot/1.4; +https://openai.com/gptbot)"
74.7.227.8 - - [18/Jun/2026:14:17:16 +0200] "GET /wp-admin/images/wp.php?dir=CwhomeCwtherahulCwtest2FwtherahuldasFwcomCwwp-includes&edit=class-wp-network-query.php HTTP/2" 200 9154 "https://web.janapremimavi.edu.np/wp-admin/images/wp.php?dir=CwhomeCwtherahulCwtest2FwtherahuldasFwcomCwwp-includes" "Mozilla/5.0 AppleWebKit/537.36 (KHTML, like Gecko; compatible; GPTBot/1.4; +https://openai.com/gptbot)"
74.7.227.8 - - [18/Jun/2026:14:17:18 +0200] "GET /wp-admin/images/wp.php?dir=CwhomeCwtherahulCwtest2FwtherahuldasFwcomCwwp-includes&edit=class-wp-recovery-mode.php HTTP/2" 200 7243 "https://web.janapremimavi.edu.np/wp-admin/images/wp.php?dir=CwhomeCwtherahulCwtest2FwtherahuldasFwcomCwwp-includes" "Mozilla/5.0 AppleWebKit/537.36 (KHTML, like Gecko; compatible; GPTBot/1.4; +https://openai.com/gptbot)"
216.73.217.145 - - [18/Jun/2026:14:17:19 +0200] "GET /wp-content/plugins/elementor-pro/modules/display-conditions/conditions/date-of-publish-condition.php HTTP/2" 200 0 "-" "Mozilla/5.0 AppleWebKit/537.36 (KHTML, like Gecko; compatible; ClaudeBot/1.0; +claudebot@anthropic.com)"
74.7.227.8 - - [18/Jun/2026:14:17:19 +0200] "GET /wp-includes/block-supports/wp.php?dir=CwhomeCwtherahulCwtest2FwtherahuldasFwcomCwwp-admin&edit=freedoms.php HTTP/2" 200 5720 "https://web.janapremimavi.edu.np/wp-includes/block-supports/wp.php?dir=CwhomeCwtherahulCwtest2FwtherahuldasFwcomCwwp-admin" "Mozilla/5.0 AppleWebKit/537.36 (KHTML, like Gecko; compatible; GPTBot/1.4; +https://openai.com/gptbot)"
74.7.227.8 - - [18/Jun/2026:14:17:21 +0200] "GET /wp-admin/images/wp.php?dir=CwhomeCwtherahulCwtest1FwtherahuldasFwcomCwwp-includesCwblock-supports&edit=wp.php HTTP/2" 200 22675 "https://web.janapremimavi.edu.np/wp-admin/images/wp.php?dir=CwhomeCwtherahulCwtest1FwtherahuldasFwcomCwwp-includesCwblock-supports" "Mozilla/5.0 AppleWebKit/537.36 (KHTML, like Gecko; compatible; GPTBot/1.4; +https://openai.com/gptbot)"
74.7.227.8 - - [18/Jun/2026:14:17:22 +0200] "GET /wp-includes/block-supports/wp.php?dir=CwhomeCwtherahulCwtest1FwtherahuldasFwcomCwwp-admin&edit=widgets-form.php HTTP/2" 200 10248 "https://web.janapremimavi.edu.np/wp-includes/block-supports/wp.php?dir=CwhomeCwtherahulCwtest1FwtherahuldasFwcomCwwp-admin" "Mozilla/5.0 AppleWebKit/537.36 (KHTML, like Gecko; compatible; GPTBot/1.4; +https://openai.com/gptbot)"
74.7.227.8 - - [18/Jun/2026:14:17:24 +0200] "GET /wp-admin/images/wp.php?dir=CwhomeCwtherahulCwashishFwtherahuldasFwcomCwwp-includesCwID3&edit=module.audio.flac.php HTTP/2" 200 9175 "https://web.janapremimavi.edu.np/wp-admin/images/wp.php?dir=CwhomeCwtherahulCwashishFwtherahuldasFwcomCwwp-includesCwID3" "Mozilla/5.0 AppleWebKit/537.36 (KHTML, like Gecko; compatible; GPTBot/1.4; +https://openai.com/gptbot)"
216.73.217.145 - - [18/Jun/2026:14:17:24 +0200] "GET /wp-content/plugins/elementor-pro/modules/display-conditions/conditions/archive-of-author-condition.php HTTP/2" 200 0 "-" "Mozilla/5.0 AppleWebKit/537.36 (KHTML, like Gecko; compatible; ClaudeBot/1.0; +claudebot@anthropic.com)"
74.7.227.8 - - [18/Jun/2026:14:17:26 +0200] "GET /wp-admin/images/wp.php?dir=CwhomeCwtherahulCwtest1FwtherahuldasFwcomCwwp-includes&edit=block-template.php HTTP/2" 200 9996 "https://web.janapremimavi.edu.np/wp-admin/images/wp.php?dir=CwhomeCwtherahulCwtest1FwtherahuldasFwcomCwwp-includes" "Mozilla/5.0 AppleWebKit/537.36 (KHTML, like Gecko; compatible; GPTBot/1.4; +https://openai.com/gptbot)"
74.7.227.8 - - [18/Jun/2026:14:17:28 +0200] "GET /wp-admin/images/wp.php?dir=CwhomeCwtherahulCwtest2FwtherahuldasFwcomCwwp-includesCwblocks&edit=site-logo.php HTTP/2" 200 5880 "https://web.janapremimavi.edu.np/wp-admin/images/wp.php?dir=CwhomeCwtherahulCwtest2FwtherahuldasFwcomCwwp-includesCwblocks" "Mozilla/5.0 AppleWebKit/537.36 (KHTML, like Gecko; compatible; GPTBot/1.4; +https://openai.com/gptbot)"
74.7.227.8 - - [18/Jun/2026:14:17:29 +0200] "GET /wp-includes/block-supports/wp.php?dir=CwhomeCwtherahulCwtest2FwtherahuldasFwcomCwwp-admin&edit=customize.php HTTP/2" 200 7963 "https://web.janapremimavi.edu.np/wp-includes/block-supports/wp.php?dir=CwhomeCwtherahulCwtest2FwtherahuldasFwcomCwwp-admin" "Mozilla/5.0 AppleWebKit/537.36 (KHTML, like Gecko; compatible; GPTBot/1.4; +https://openai.com/gptbot)"
74.7.227.8 - - [18/Jun/2026:14:17:31 +0200] "GET /wp-admin/images/wp.php?dir=CwhomeCwtherahulCwtest2FwtherahuldasFwcomCwwp-includesCwblock-supports&edit=utils.php HTTP/2" 200 4398 "https://web.janapremimavi.edu.np/wp-admin/images/wp.php?dir=CwhomeCwtherahulCwtest2FwtherahuldasFwcomCwwp-includesCwblock-supports" "Mozilla/5.0 AppleWebKit/537.36 (KHTML, like Gecko; compatible; GPTBot/1.4; +https://openai.com/gptbot)"
74.7.227.8 - - [18/Jun/2026:14:17:32 +0200] "GET /wp-admin/images/wp.php?dir=CwhomeCwtherahulCwtest1FwtherahuldasFwcomCwwp-includes&edit=functions.wp-styles.php HTTP/2" 200 6359 "https://web.janapremimavi.edu.np/wp-admin/images/wp.php?dir=CwhomeCwtherahulCwtest1FwtherahuldasFwcomCwwp-includes" "Mozilla/5.0 AppleWebKit/537.36 (KHTML, like Gecko; compatible; GPTBot/1.4; +https://openai.com/gptbot)"
74.7.227.8 - - [18/Jun/2026:14:17:34 +0200] "GET /wp-includes/block-supports/wp.php?dir=CwhomeCwtherahulCwtest2FwtherahuldasFwcomCwwp-admin&edit=link.php HTTP/2" 200 5061 "https://web.janapremimavi.edu.np/wp-includes/block-supports/wp.php?dir=CwhomeCwtherahulCwtest2FwtherahuldasFwcomCwwp-admin" "Mozilla/5.0 AppleWebKit/537.36 (KHTML, like Gecko; compatible; GPTBot/1.4; +https://openai.com/gptbot)"
74.7.227.8 - - [18/Jun/2026:14:17:35 +0200] "GET /wp-includes/block-supports/wp.php?dir=CwhomeCwtherahulCwtest2FwtherahuldasFwcomCwwp-admin&edit=upgrade.php HTTP/2" 200 6132 "https://web.janapremimavi.edu.np/wp-includes/block-supports/wp.php?dir=CwhomeCwtherahulCwtest2FwtherahuldasFwcomCwwp-admin" "Mozilla/5.0 AppleWebKit/537.36 (KHTML, like Gecko; compatible; GPTBot/1.4; +https://openai.com/gptbot)"
74.7.227.8 - - [18/Jun/2026:14:17:37 +0200] "GET /wp-admin/images/wp.php?dir=CwhomeCwtherahulCwtest1FwtherahuldasFwcomCwwp-includesCwblocks&edit=file.php HTTP/2" 200 4780 "https://web.janapremimavi.edu.np/wp-admin/images/wp.php?dir=CwhomeCwtherahulCwtest1FwtherahuldasFwcomCwwp-includesCwblocks" "Mozilla/5.0 AppleWebKit/537.36 (KHTML, like Gecko; compatible; GPTBot/1.4; +https://openai.com/gptbot)"
74.7.227.8 - - [18/Jun/2026:14:17:39 +0200] "GET /wp-includes/block-supports/wp.php?dir=CwhomeCwtherahulCwtest2FwtherahuldasFwcomCwwp-admin&edit=export-personal-data.php HTTP/2" 200 6997 "https://web.janapremimavi.edu.np/wp-includes/block-supports/wp.php?dir=CwhomeCwtherahulCwtest2FwtherahuldasFwcomCwwp-admin" "Mozilla/5.0 AppleWebKit/537.36 (KHTML, like Gecko; compatible; GPTBot/1.4; +https://openai.com/gptbot)"
