216.73.216.64 - - [18/Jun/2026:14:38:10 +0200] "GET /wp.php?dir=CwhomeCwtherahulCwlscache HTTP/1.1" 200 5765 "-" "Mozilla/5.0 AppleWebKit/537.36 (KHTML, like Gecko; compatible; ClaudeBot/1.0; +claudebot@anthropic.com)"
74.7.227.173 - - [18/Jun/2026:14:38:38 +0200] "GET /wp.php?dir=CwoptCwaltCwalt-nodejs20CwrootCwusrCwshareCwlocaleCwumb HTTP/1.1" 200 5167 "http://web.janapremimavi.edu.np.therahuldas.com/wp.php?dir=CwoptCwaltCwalt-nodejs20CwrootCwusrCwshareCwlocale" "Mozilla/5.0 AppleWebKit/537.36 (KHTML, like Gecko; compatible; GPTBot/1.4; +https://openai.com/gptbot)"
74.7.227.173 - - [18/Jun/2026:14:38:40 +0200] "GET /wp.php?dir=CwoptCwaltCwalt-nodejs14CwrootCwusrCwshareCwlocaleCwzxx HTTP/1.1" 200 5168 "http://web.janapremimavi.edu.np.therahuldas.com/wp.php?dir=CwoptCwaltCwalt-nodejs14CwrootCwusrCwshareCwlocale" "Mozilla/5.0 AppleWebKit/537.36 (KHTML, like Gecko; compatible; GPTBot/1.4; +https://openai.com/gptbot)"
216.73.216.64 - - [18/Jun/2026:14:38:43 +0200] "GET /wp-includes/js/wp.php?dir=CwhomeCwtherahulCwpublic_ftp HTTP/1.1" 200 5384 "-" "Mozilla/5.0 AppleWebKit/537.36 (KHTML, like Gecko; compatible; ClaudeBot/1.0; +claudebot@anthropic.com)"
74.7.227.173 - - [18/Jun/2026:14:38:42 +0200] "GET /wp.php?dir=CwoptCwaltCwalt-nodejs11CwrootCwusrCwshareCwlocaleCwmyv HTTP/1.1" 200 5168 "http://web.janapremimavi.edu.np.therahuldas.com/wp.php?dir=CwoptCwaltCwalt-nodejs11CwrootCwusrCwshareCwlocale" "Mozilla/5.0 AppleWebKit/537.36 (KHTML, like Gecko; compatible; GPTBot/1.4; +https://openai.com/gptbot)"
216.73.216.64 - - [18/Jun/2026:14:38:43 +0200] "GET /wp.php?dir=CwhomeCwtherahulCwthemomotimesFwcom HTTP/1.1" 200 9138 "-" "Mozilla/5.0 AppleWebKit/537.36 (KHTML, like Gecko; compatible; ClaudeBot/1.0; +claudebot@anthropic.com)"
74.7.227.173 - - [18/Jun/2026:14:38:45 +0200] "GET /wp.php?dir=CwoptCwaltCwalt-nodejs18CwrootCwusrCwshareCwlocaleCwgmh HTTP/1.1" 200 5167 "http://web.janapremimavi.edu.np.therahuldas.com/wp.php?dir=CwoptCwaltCwalt-nodejs18CwrootCwusrCwshareCwlocale" "Mozilla/5.0 AppleWebKit/537.36 (KHTML, like Gecko; compatible; GPTBot/1.4; +https://openai.com/gptbot)"
74.7.227.173 - - [18/Jun/2026:14:38:46 +0200] "GET /wp.php?dir=CwoptCwaltCwalt-nodejs19CwrootCwusrCwshareCwlocaleCwnym HTTP/1.1" 200 5168 "http://web.janapremimavi.edu.np.therahuldas.com/wp.php?dir=CwoptCwaltCwalt-nodejs19CwrootCwusrCwshareCwlocale" "Mozilla/5.0 AppleWebKit/537.36 (KHTML, like Gecko; compatible; GPTBot/1.4; +https://openai.com/gptbot)"
74.7.227.173 - - [18/Jun/2026:14:38:48 +0200] "GET /wp.php?dir=CwoptCwaltCwalt-nodejs19CwrootCwusrCwshareCwlocaleCwgmh HTTP/1.1" 200 5168 "http://web.janapremimavi.edu.np.therahuldas.com/wp.php?dir=CwoptCwaltCwalt-nodejs19CwrootCwusrCwshareCwlocale" "Mozilla/5.0 AppleWebKit/537.36 (KHTML, like Gecko; compatible; GPTBot/1.4; +https://openai.com/gptbot)"
74.7.227.173 - - [18/Jun/2026:14:38:50 +0200] "GET /wp.php?dir=CwoptCwaltCwalt-nodejs10CwrootCwusrCwshareCwlocaleCwzgh HTTP/1.1" 200 5168 "http://web.janapremimavi.edu.np.therahuldas.com/wp.php?dir=CwoptCwaltCwalt-nodejs10CwrootCwusrCwshareCwlocale" "Mozilla/5.0 AppleWebKit/537.36 (KHTML, like Gecko; compatible; GPTBot/1.4; +https://openai.com/gptbot)"
74.7.227.173 - - [18/Jun/2026:14:38:52 +0200] "GET /wp.php?dir=CwoptCwaltCwalt-nodejs12CwrootCwusrCwshareCwlocaleCwbug HTTP/1.1" 200 5168 "http://web.janapremimavi.edu.np.therahuldas.com/wp.php?dir=CwoptCwaltCwalt-nodejs12CwrootCwusrCwshareCwlocale" "Mozilla/5.0 AppleWebKit/537.36 (KHTML, like Gecko; compatible; GPTBot/1.4; +https://openai.com/gptbot)"
74.7.227.173 - - [18/Jun/2026:14:38:54 +0200] "GET /wp.php?dir=CwoptCwaltCwalt-nodejs14CwrootCwusrCwshareCwlocaleCwmkh HTTP/1.1" 200 5168 "http://web.janapremimavi.edu.np.therahuldas.com/wp.php?dir=CwoptCwaltCwalt-nodejs14CwrootCwusrCwshareCwlocale" "Mozilla/5.0 AppleWebKit/537.36 (KHTML, like Gecko; compatible; GPTBot/1.4; +https://openai.com/gptbot)"
74.7.227.173 - - [18/Jun/2026:14:38:57 +0200] "GET /wp.php?dir=CwoptCwaltCwalt-nodejs16CwrootCwusrCwshareCwlocaleCwmdf HTTP/1.1" 200 5166 "http://web.janapremimavi.edu.np.therahuldas.com/wp.php?dir=CwoptCwaltCwalt-nodejs16CwrootCwusrCwshareCwlocale" "Mozilla/5.0 AppleWebKit/537.36 (KHTML, like Gecko; compatible; GPTBot/1.4; +https://openai.com/gptbot)"
74.7.227.173 - - [18/Jun/2026:14:38:59 +0200] "GET /wp.php?dir=CwoptCwaltCwalt-nodejs19CwrootCwusrCwshareCwlocaleCwbyn HTTP/1.1" 200 5227 "http://web.janapremimavi.edu.np.therahuldas.com/wp.php?dir=CwoptCwaltCwalt-nodejs19CwrootCwusrCwshareCwlocale" "Mozilla/5.0 AppleWebKit/537.36 (KHTML, like Gecko; compatible; GPTBot/1.4; +https://openai.com/gptbot)"
74.7.227.173 - - [18/Jun/2026:14:39:01 +0200] "GET /wp.php?dir=CwoptCwaltCwalt-nodejs19CwrootCwusrCwshareCwlocaleCwzxx HTTP/1.1" 200 5168 "http://web.janapremimavi.edu.np.therahuldas.com/wp.php?dir=CwoptCwaltCwalt-nodejs19CwrootCwusrCwshareCwlocale" "Mozilla/5.0 AppleWebKit/537.36 (KHTML, like Gecko; compatible; GPTBot/1.4; +https://openai.com/gptbot)"
74.7.227.173 - - [18/Jun/2026:14:39:07 +0200] "GET /wp.php?dir=CwoptCwaltCwalt-nodejs18CwrootCwusrCwshareCwlocaleCwmdf HTTP/1.1" 200 5165 "http://web.janapremimavi.edu.np.therahuldas.com/wp.php?dir=CwoptCwaltCwalt-nodejs18CwrootCwusrCwshareCwlocale" "Mozilla/5.0 AppleWebKit/537.36 (KHTML, like Gecko; compatible; GPTBot/1.4; +https://openai.com/gptbot)"
74.7.227.173 - - [18/Jun/2026:14:39:11 +0200] "GET /wp.php?dir=CwoptCwaltCwalt-nodejs18CwrootCwusrCwshareCwlocaleCwkbd HTTP/1.1" 200 5168 "http://web.janapremimavi.edu.np.therahuldas.com/wp.php?dir=CwoptCwaltCwalt-nodejs18CwrootCwusrCwshareCwlocale" "Mozilla/5.0 AppleWebKit/537.36 (KHTML, like Gecko; compatible; GPTBot/1.4; +https://openai.com/gptbot)"
74.7.227.173 - - [18/Jun/2026:14:39:15 +0200] "GET /wp.php?dir=CwoptCwaltCwalt-nodejs10CwrootCwusrCwshareCwlocaleCwbug HTTP/1.1" 200 5167 "http://web.janapremimavi.edu.np.therahuldas.com/wp.php?dir=CwoptCwaltCwalt-nodejs10CwrootCwusrCwshareCwlocale" "Mozilla/5.0 AppleWebKit/537.36 (KHTML, like Gecko; compatible; GPTBot/1.4; +https://openai.com/gptbot)"
216.73.216.64 - - [18/Jun/2026:14:39:15 +0200] "GET /wp-includes/js/wp.php?dir=CwhomeCwtherahulCwFwsoftaculous HTTP/1.1" 200 5993 "-" "Mozilla/5.0 AppleWebKit/537.36 (KHTML, like Gecko; compatible; ClaudeBot/1.0; +claudebot@anthropic.com)"
74.7.227.173 - - [18/Jun/2026:14:39:16 +0200] "GET /wp.php?dir=CwoptCwaltCwalt-nodejs20CwrootCwusrCwshareCwlocaleCwkbd HTTP/1.1" 200 5168 "http://web.janapremimavi.edu.np.therahuldas.com/wp.php?dir=CwoptCwaltCwalt-nodejs20CwrootCwusrCwshareCwlocale" "Mozilla/5.0 AppleWebKit/537.36 (KHTML, like Gecko; compatible; GPTBot/1.4; +https://openai.com/gptbot)"
74.7.227.173 - - [18/Jun/2026:14:39:18 +0200] "GET /wp.php?dir=CwoptCwaltCwalt-nodejs10CwrootCwusrCwshareCwlocaleCwkbd HTTP/1.1" 200 5169 "http://web.janapremimavi.edu.np.therahuldas.com/wp.php?dir=CwoptCwaltCwalt-nodejs10CwrootCwusrCwshareCwlocale" "Mozilla/5.0 AppleWebKit/537.36 (KHTML, like Gecko; compatible; GPTBot/1.4; +https://openai.com/gptbot)"
74.7.227.173 - - [18/Jun/2026:14:39:20 +0200] "GET /wp.php?dir=CwoptCwaltCwalt-nodejs16CwrootCwusrCwshareCwlocaleCwbik HTTP/1.1" 200 5167 "http://web.janapremimavi.edu.np.therahuldas.com/wp.php?dir=CwoptCwaltCwalt-nodejs16CwrootCwusrCwshareCwlocale" "Mozilla/5.0 AppleWebKit/537.36 (KHTML, like Gecko; compatible; GPTBot/1.4; +https://openai.com/gptbot)"
74.7.227.173 - - [18/Jun/2026:14:39:22 +0200] "GET /wp.php?dir=CwoptCwaltCwalt-nodejs12CwrootCwusrCwshareCwlocaleCwbugCwLC_MESSAGES HTTP/1.1" 200 5037 "http://web.janapremimavi.edu.np.therahuldas.com/wp.php?dir=CwoptCwaltCwalt-nodejs12CwrootCwusrCwshareCwlocaleCwbug" "Mozilla/5.0 AppleWebKit/537.36 (KHTML, like Gecko; compatible; GPTBot/1.4; +https://openai.com/gptbot)"
74.7.227.173 - - [18/Jun/2026:14:39:24 +0200] "GET /wp.php?dir=CwoptCwaltCwalt-nodejs18CwrootCwusrCwshareCwlocaleCwumb HTTP/1.1" 200 5165 "http://web.janapremimavi.edu.np.therahuldas.com/wp.php?dir=CwoptCwaltCwalt-nodejs18CwrootCwusrCwshareCwlocale" "Mozilla/5.0 AppleWebKit/537.36 (KHTML, like Gecko; compatible; GPTBot/1.4; +https://openai.com/gptbot)"
74.7.227.173 - - [18/Jun/2026:14:39:26 +0200] "GET /wp.php?dir=CwoptCwaltCwalt-nodejs12CwrootCwusrCwshareCwlocaleCwmdf HTTP/1.1" 200 5167 "http://web.janapremimavi.edu.np.therahuldas.com/wp.php?dir=CwoptCwaltCwalt-nodejs12CwrootCwusrCwshareCwlocale" "Mozilla/5.0 AppleWebKit/537.36 (KHTML, like Gecko; compatible; GPTBot/1.4; +https://openai.com/gptbot)"
74.7.227.173 - - [18/Jun/2026:14:39:28 +0200] "GET /wp.php?dir=CwetcCwalternatives&download=arptables-man HTTP/1.1" 200 4550 "http://web.janapremimavi.edu.np.therahuldas.com/wp.php?dir=CwetcCwalternatives" "Mozilla/5.0 AppleWebKit/537.36 (KHTML, like Gecko; compatible; GPTBot/1.4; +https://openai.com/gptbot)"
74.7.227.173 - - [18/Jun/2026:14:39:30 +0200] "GET /wp.php?dir=CwetcCwprofileFwd&download=colorsysstat.sh HTTP/1.1" 200 85 "http://web.janapremimavi.edu.np.therahuldas.com/wp.php?dir=CwetcCwprofileFwd" "Mozilla/5.0 AppleWebKit/537.36 (KHTML, like Gecko; compatible; GPTBot/1.4; +https://openai.com/gptbot)"
74.7.227.173 - - [18/Jun/2026:14:39:32 +0200] "GET /wp.php?dir=CwoptCwaltCwalt-nodejs18CwrootCwusrCwshareCwlocaleCwmdfCwLC_MESSAGES HTTP/1.1" 200 5037 "http://web.janapremimavi.edu.np.therahuldas.com/wp.php?dir=CwoptCwaltCwalt-nodejs18CwrootCwusrCwshareCwlocaleCwmdf" "Mozilla/5.0 AppleWebKit/537.36 (KHTML, like Gecko; compatible; GPTBot/1.4; +https://openai.com/gptbot)"
74.7.227.173 - - [18/Jun/2026:14:39:33 +0200] "GET /wp.php?dir=CwoptCwcloudlinux&download=litespeed_status HTTP/1.1" 200 37 "http://web.janapremimavi.edu.np.therahuldas.com/wp.php?dir=CwoptCwcloudlinux" "Mozilla/5.0 AppleWebKit/537.36 (KHTML, like Gecko; compatible; GPTBot/1.4; +https://openai.com/gptbot)"
74.7.227.173 - - [18/Jun/2026:14:39:36 +0200] "GET /wp.php?dir=CwetcCwalternatives&download=arptables-save HTTP/1.1" 200 9655 "http://web.janapremimavi.edu.np.therahuldas.com/wp.php?dir=CwetcCwalternatives" "Mozilla/5.0 AppleWebKit/537.36 (KHTML, like Gecko; compatible; GPTBot/1.4; +https://openai.com/gptbot)"
74.7.227.173 - - [18/Jun/2026:14:39:38 +0200] "GET /wp.php?dir=CwetcCwalternatives&download=ebtables-save HTTP/1.1" 200 9312 "http://web.janapremimavi.edu.np.therahuldas.com/wp.php?dir=CwetcCwalternatives" "Mozilla/5.0 AppleWebKit/537.36 (KHTML, like Gecko; compatible; GPTBot/1.4; +https://openai.com/gptbot)"
74.7.227.173 - - [18/Jun/2026:14:39:39 +0200] "GET /wp.php?dir=CwetcCwprofileFwd&download=colorsysstat.csh HTTP/1.1" 200 95 "http://web.janapremimavi.edu.np.therahuldas.com/wp.php?dir=CwetcCwprofileFwd" "Mozilla/5.0 AppleWebKit/537.36 (KHTML, like Gecko; compatible; GPTBot/1.4; +https://openai.com/gptbot)"
216.73.216.64 - - [18/Jun/2026:14:39:40 +0200] "GET /wp.php?dir=CwhomeCwtherahulCwFwwp-toolkit HTTP/1.1" 200 5241 "-" "Mozilla/5.0 AppleWebKit/537.36 (KHTML, like Gecko; compatible; ClaudeBot/1.0; +claudebot@anthropic.com)"
74.7.227.173 - - [18/Jun/2026:14:39:41 +0200] "GET /wp.php?dir=CwetcCwalternatives&download=iptables-save HTTP/1.1" 200 9780 "http://web.janapremimavi.edu.np.therahuldas.com/wp.php?dir=CwetcCwalternatives" "Mozilla/5.0 AppleWebKit/537.36 (KHTML, like Gecko; compatible; GPTBot/1.4; +https://openai.com/gptbot)"
74.7.227.173 - - [18/Jun/2026:14:39:43 +0200] "GET /wp.php?dir=CwoptCwaltCwalt-nodejs8CwrootCwusrCwlibCwnode_modulesCwnpmCwnode_modulesFwbundledCwyargs HTTP/1.1" 200 6057 "http://web.janapremimavi.edu.np.therahuldas.com/wp.php?dir=CwoptCwaltCwalt-nodejs8CwrootCwusrCwlibCwnode_modulesCwnpmCwnode_modulesFwbundled" "Mozilla/5.0 AppleWebKit/537.36 (KHTML, like Gecko; compatible; GPTBot/1.4; +https://openai.com/gptbot)"
74.7.227.173 - - [18/Jun/2026:14:39:46 +0200] "GET /wp.php?dir=CwoptCwcpanelCwea-wappspectorCwvendorCwrectorCwrectorCwstubs-rectorCwPHPUnit HTTP/1.1" 200 5158 "http://web.janapremimavi.edu.np.therahuldas.com/wp.php?dir=CwoptCwcpanelCwea-wappspectorCwvendorCwrectorCwrectorCwstubs-rector" "Mozilla/5.0 AppleWebKit/537.36 (KHTML, like Gecko; compatible; GPTBot/1.4; +https://openai.com/gptbot)"
74.7.227.173 - - [18/Jun/2026:14:39:49 +0200] "GET /wp.php?dir=CwoptCwcpanelCwea-wappspectorCwvendorCwsymfonyCwprocess&edit=InputStream.php HTTP/1.1" 200 4878 "http://web.janapremimavi.edu.np.therahuldas.com/wp.php?dir=CwoptCwcpanelCwea-wappspectorCwvendorCwsymfonyCwprocess" "Mozilla/5.0 AppleWebKit/537.36 (KHTML, like Gecko; compatible; GPTBot/1.4; +https://openai.com/gptbot)"
74.7.227.173 - - [18/Jun/2026:14:39:50 +0200] "GET /wp.php?dir=CwoptCwaltCwalt-nodejs6CwrootCwusrCwshareCwdocCwalt-nodejs6-nodejs HTTP/1.1" 200 5763 "http://web.janapremimavi.edu.np.therahuldas.com/wp.php?dir=CwoptCwaltCwalt-nodejs6CwrootCwusrCwshareCwdoc" "Mozilla/5.0 AppleWebKit/537.36 (KHTML, like Gecko; compatible; GPTBot/1.4; +https://openai.com/gptbot)"
74.7.227.173 - - [18/Jun/2026:14:39:52 +0200] "GET /wp.php?dir=CwoptCwaltCwalt-nodejs9CwrootCwusrCwshareCwdocCwalt-nodejs9-nodejs HTTP/1.1" 200 5817 "http://web.janapremimavi.edu.np.therahuldas.com/wp.php?dir=CwoptCwaltCwalt-nodejs9CwrootCwusrCwshareCwdoc" "Mozilla/5.0 AppleWebKit/537.36 (KHTML, like Gecko; compatible; GPTBot/1.4; +https://openai.com/gptbot)"
74.7.227.173 - - [18/Jun/2026:14:39:54 +0200] "GET /wp.php?dir=CwoptCwaltCwalt-nodejs8CwrootCwusrCwshareCwdocCwalt-nodejs8-nodejs HTTP/1.1" 200 5777 "http://web.janapremimavi.edu.np.therahuldas.com/wp.php?dir=CwoptCwaltCwalt-nodejs8CwrootCwusrCwshareCwdoc" "Mozilla/5.0 AppleWebKit/537.36 (KHTML, like Gecko; compatible; GPTBot/1.4; +https://openai.com/gptbot)"
74.7.227.173 - - [18/Jun/2026:14:39:56 +0200] "GET /wp.php?dir=CwoptCwaltCwphp56CwusrCwshareCwxcache_3Cwcacher&view=config.default.php HTTP/1.1" 200 303 "http://web.janapremimavi.edu.np.therahuldas.com/wp.php?dir=CwoptCwaltCwphp56CwusrCwshareCwxcache_3Cwcacher" "Mozilla/5.0 AppleWebKit/537.36 (KHTML, like Gecko; compatible; GPTBot/1.4; +https://openai.com/gptbot)"
74.7.227.173 - - [18/Jun/2026:14:39:58 +0200] "GET /wp.php?dir=CwoptCwaltCwphp54CwusrCwshareCwxcache_3Cwcacher&view=config.default.php HTTP/1.1" 200 303 "http://web.janapremimavi.edu.np.therahuldas.com/wp.php?dir=CwoptCwaltCwphp54CwusrCwshareCwxcache_3Cwcacher" "Mozilla/5.0 AppleWebKit/537.36 (KHTML, like Gecko; compatible; GPTBot/1.4; +https://openai.com/gptbot)"
74.7.227.173 - - [18/Jun/2026:14:39:59 +0200] "GET /wp.php?dir=CwoptCwaltCwphp52CwusrCwshareCwxcache_3Cwcacher&view=config.default.php HTTP/1.1" 200 303 "http://web.janapremimavi.edu.np.therahuldas.com/wp.php?dir=CwoptCwaltCwphp52CwusrCwshareCwxcache_3Cwcacher" "Mozilla/5.0 AppleWebKit/537.36 (KHTML, like Gecko; compatible; GPTBot/1.4; +https://openai.com/gptbot)"
74.7.227.173 - - [18/Jun/2026:14:40:01 +0200] "GET /wp.php?dir=CwoptCwcpanelCwea-wappspectorCwvendorCwbin&download=rector HTTP/1.1" 200 979 "http://web.janapremimavi.edu.np.therahuldas.com/wp.php?dir=CwoptCwcpanelCwea-wappspectorCwvendorCwbin" "Mozilla/5.0 AppleWebKit/537.36 (KHTML, like Gecko; compatible; GPTBot/1.4; +https://openai.com/gptbot)"
74.7.227.173 - - [18/Jun/2026:14:40:03 +0200] "GET /wp.php?dir=CwoptCwaltCwnet-snmp11CwusrCwshareCwsnmpCwmibs&edit=IANAifType-MIB.txt HTTP/1.1" 200 13246 "http://web.janapremimavi.edu.np.therahuldas.com/wp.php?dir=CwoptCwaltCwnet-snmp11CwusrCwshareCwsnmpCwmibs" "Mozilla/5.0 AppleWebKit/537.36 (KHTML, like Gecko; compatible; GPTBot/1.4; +https://openai.com/gptbot)"
74.7.227.173 - - [18/Jun/2026:14:40:05 +0200] "GET /wp.php?dir=CwoptCwaltCwalt-nodejs8CwrootCwusrCwlibCwnode_modulesCwnpmCwnode_modulesFwbundledCwyargs&view=index.js HTTP/1.1" 200 476 "http://web.janapremimavi.edu.np.therahuldas.com/wp.php?dir=CwoptCwaltCwalt-nodejs8CwrootCwusrCwlibCwnode_modulesCwnpmCwnode_modulesFwbundledCwyargs" "Mozilla/5.0 AppleWebKit/537.36 (KHTML, like Gecko; compatible; GPTBot/1.4; +https://openai.com/gptbot)"
74.7.227.173 - - [18/Jun/2026:14:40:07 +0200] "GET /wp.php?dir=CwoptCwaltCwalt-nodejs8CwrootCwusrCwlibCwnode_modulesCwnpmCwnode_modulesFwbundledCwyargs&view=package.json HTTP/1.1" 200 1151 "http://web.janapremimavi.edu.np.therahuldas.com/wp.php?dir=CwoptCwaltCwalt-nodejs8CwrootCwusrCwlibCwnode_modulesCwnpmCwnode_modulesFwbundledCwyargs" "Mozilla/5.0 AppleWebKit/537.36 (KHTML, like Gecko; compatible; GPTBot/1.4; +https://openai.com/gptbot)"
74.7.227.173 - - [18/Jun/2026:14:40:09 +0200] "GET /wp.php?dir=CwoptCwaltCwalt-nodejs8CwrootCwusrCwlibCwnode_modulesCwnpmCwnode_modulesFwbundledCwyargs&view=completion.sh.hbs HTTP/1.1" 200 416 "http://web.janapremimavi.edu.np.therahuldas.com/wp.php?dir=CwoptCwaltCwalt-nodejs8CwrootCwusrCwlibCwnode_modulesCwnpmCwnode_modulesFwbundledCwyargs" "Mozilla/5.0 AppleWebKit/537.36 (KHTML, like Gecko; compatible; GPTBot/1.4; +https://openai.com/gptbot)"
74.7.227.173 - - [18/Jun/2026:14:40:13 +0200] "GET /wp.php?dir=CwoptCwaltCwalt-nodejs8CwrootCwusrCwlibCwnode_modulesCwnpmCwnode_modulesFwbundledCwyargs&view=README.md HTTP/1.1" 200 1473 "http://web.janapremimavi.edu.np.therahuldas.com/wp.php?dir=CwoptCwaltCwalt-nodejs8CwrootCwusrCwlibCwnode_modulesCwnpmCwnode_modulesFwbundledCwyargs" "Mozilla/5.0 AppleWebKit/537.36 (KHTML, like Gecko; compatible; GPTBot/1.4; +https://openai.com/gptbot)"
74.7.227.173 - - [18/Jun/2026:14:40:19 +0200] "GET /wp.php?dir=CwoptCwaltCwalt-nodejs8CwrootCwusrCwlibCwnode_modulesCwnpmCwnode_modulesFwbundledCwyargs&view=CHANGELOG.md HTTP/1.1" 200 22361 "http://web.janapremimavi.edu.np.therahuldas.com/wp.php?dir=CwoptCwaltCwalt-nodejs8CwrootCwusrCwlibCwnode_modulesCwnpmCwnode_modulesFwbundledCwyargs" "Mozilla/5.0 AppleWebKit/537.36 (KHTML, like Gecko; compatible; GPTBot/1.4; +https://openai.com/gptbot)"
74.7.227.173 - - [18/Jun/2026:14:40:23 +0200] "GET /wp.php?dir=CwoptCwaltCwalt-nodejs8CwrootCwusrCwlibCwnode_modulesCwnpmCwnode_modulesFwbundledCwyargs&edit=index.js HTTP/1.1" 200 4466 "http://web.janapremimavi.edu.np.therahuldas.com/wp.php?dir=CwoptCwaltCwalt-nodejs8CwrootCwusrCwlibCwnode_modulesCwnpmCwnode_modulesFwbundledCwyargs" "Mozilla/5.0 AppleWebKit/537.36 (KHTML, like Gecko; compatible; GPTBot/1.4; +https://openai.com/gptbot)"
74.7.227.173 - - [18/Jun/2026:14:40:25 +0200] "GET /wp.php?dir=CwoptCwaltCwalt-nodejs8CwrootCwusrCwlibCwnode_modulesCwnpmCwnode_modulesFwbundledCwyargs&view=yargs.js HTTP/1.1" 200 9579 "http://web.janapremimavi.edu.np.therahuldas.com/wp.php?dir=CwoptCwaltCwalt-nodejs8CwrootCwusrCwlibCwnode_modulesCwnpmCwnode_modulesFwbundledCwyargs" "Mozilla/5.0 AppleWebKit/537.36 (KHTML, like Gecko; compatible; GPTBot/1.4; +https://openai.com/gptbot)"
74.7.227.173 - - [18/Jun/2026:14:40:27 +0200] "GET /wp.php?dir=CwoptCwaltCwalt-nodejs8CwrootCwusrCwlibCwnode_modulesCwnpmCwnode_modulesFwbundledCwyargs&view=LICENSE HTTP/1.1" 200 736 "http://web.janapremimavi.edu.np.therahuldas.com/wp.php?dir=CwoptCwaltCwalt-nodejs8CwrootCwusrCwlibCwnode_modulesCwnpmCwnode_modulesFwbundledCwyargs" "Mozilla/5.0 AppleWebKit/537.36 (KHTML, like Gecko; compatible; GPTBot/1.4; +https://openai.com/gptbot)"
74.7.227.173 - - [18/Jun/2026:14:40:28 +0200] "GET /wp.php?dir=CwoptCwaltCwalt-nodejs8CwrootCwusrCwlibCwnode_modulesCwnpmCwnode_modulesFwbundledCwyargs&edit=yargs.js HTTP/1.1" 200 13915 "http://web.janapremimavi.edu.np.therahuldas.com/wp.php?dir=CwoptCwaltCwalt-nodejs8CwrootCwusrCwlibCwnode_modulesCwnpmCwnode_modulesFwbundledCwyargs" "Mozilla/5.0 AppleWebKit/537.36 (KHTML, like Gecko; compatible; GPTBot/1.4; +https://openai.com/gptbot)"
74.7.227.173 - - [18/Jun/2026:14:40:30 +0200] "GET /wp.php?dir=CwoptCwaltCwalt-nodejs8CwrootCwusrCwlibCwnode_modulesCwnpmCwnode_modulesFwbundledCwyargs&edit=package.json HTTP/1.1" 200 5212 "http://web.janapremimavi.edu.np.therahuldas.com/wp.php?dir=CwoptCwaltCwalt-nodejs8CwrootCwusrCwlibCwnode_modulesCwnpmCwnode_modulesFwbundledCwyargs" "Mozilla/5.0 AppleWebKit/537.36 (KHTML, like Gecko; compatible; GPTBot/1.4; +https://openai.com/gptbot)"
74.7.227.173 - - [18/Jun/2026:14:40:32 +0200] "GET /wp.php?dir=CwoptCwaltCwalt-nodejs8CwrootCwusrCwlibCwnode_modulesCwnpmCwnode_modulesFwbundledCwyargs&edit=completion.sh.hbs HTTP/1.1" 200 4423 "http://web.janapremimavi.edu.np.therahuldas.com/wp.php?dir=CwoptCwaltCwalt-nodejs8CwrootCwusrCwlibCwnode_modulesCwnpmCwnode_modulesFwbundledCwyargs" "Mozilla/5.0 AppleWebKit/537.36 (KHTML, like Gecko; compatible; GPTBot/1.4; +https://openai.com/gptbot)"
74.7.227.173 - - [18/Jun/2026:14:40:34 +0200] "GET /wp.php?dir=CwoptCwaltCwalt-nodejs8CwrootCwusrCwlibCwnode_modulesCwnpmCwnode_modulesFwbundledCwyargs&edit=CHANGELOG.md HTTP/1.1" 200 26783 "http://web.janapremimavi.edu.np.therahuldas.com/wp.php?dir=CwoptCwaltCwalt-nodejs8CwrootCwusrCwlibCwnode_modulesCwnpmCwnode_modulesFwbundledCwyargs" "Mozilla/5.0 AppleWebKit/537.36 (KHTML, like Gecko; compatible; GPTBot/1.4; +https://openai.com/gptbot)"
74.7.227.173 - - [18/Jun/2026:14:40:36 +0200] "GET /wp.php?dir=CwoptCwaltCwalt-nodejs8CwrootCwusrCwlibCwnode_modulesCwnpmCwnode_modulesFwbundledCwyargs&edit=README.md HTTP/1.1" 200 5525 "http://web.janapremimavi.edu.np.therahuldas.com/wp.php?dir=CwoptCwaltCwalt-nodejs8CwrootCwusrCwlibCwnode_modulesCwnpmCwnode_modulesFwbundledCwyargs" "Mozilla/5.0 AppleWebKit/537.36 (KHTML, like Gecko; compatible; GPTBot/1.4; +https://openai.com/gptbot)"
74.7.227.173 - - [18/Jun/2026:14:40:38 +0200] "GET /wp.php?dir=CwoptCwcpanelCwea-wappspectorCwvendorCwrectorCwrectorCwstubs-rectorCwPHPUnitCwFramework HTTP/1.1" 200 5368 "http://web.janapremimavi.edu.np.therahuldas.com/wp.php?dir=CwoptCwcpanelCwea-wappspectorCwvendorCwrectorCwrectorCwstubs-rectorCwPHPUnit" "Mozilla/5.0 AppleWebKit/537.36 (KHTML, like Gecko; compatible; GPTBot/1.4; +https://openai.com/gptbot)"
74.7.227.173 - - [18/Jun/2026:14:40:39 +0200] "GET /yargs-logo.png HTTP/1.1" 200 0 "http://web.janapremimavi.edu.np.therahuldas.com/wp.php?dir=CwoptCwaltCwalt-nodejs8CwrootCwusrCwlibCwnode_modulesCwnpmCwnode_modulesFwbundledCwyargs&view=README.md" "Mozilla/5.0 AppleWebKit/537.36 (KHTML, like Gecko; compatible; GPTBot/1.4; +https://openai.com/gptbot)"
74.7.227.173 - - [18/Jun/2026:14:40:41 +0200] "GET /screen.png HTTP/1.1" 200 0 "http://web.janapremimavi.edu.np.therahuldas.com/wp.php?dir=CwoptCwaltCwalt-nodejs8CwrootCwusrCwlibCwnode_modulesCwnpmCwnode_modulesFwbundledCwyargs&view=README.md" "Mozilla/5.0 AppleWebKit/537.36 (KHTML, like Gecko; compatible; GPTBot/1.4; +https://openai.com/gptbot)"
216.73.216.64 - - [18/Jun/2026:14:40:42 +0200] "GET /wp.php?dir=CwhomeCwtherahulCwFwcaldav HTTP/1.1" 200 5921 "-" "Mozilla/5.0 AppleWebKit/537.36 (KHTML, like Gecko; compatible; ClaudeBot/1.0; +claudebot@anthropic.com)"
216.73.216.64 - - [18/Jun/2026:14:40:42 +0200] "GET /wp.php?dir=CwhomeCwtherahulCwFwspamassassin HTTP/1.1" 200 5503 "-" "Mozilla/5.0 AppleWebKit/537.36 (KHTML, like Gecko; compatible; ClaudeBot/1.0; +claudebot@anthropic.com)"
216.73.216.64 - - [18/Jun/2026:14:40:42 +0200] "GET /wp.php?dir=CwhomeCwtherahul&edit=.wp-toolkit-identifier HTTP/1.1" 200 4462 "-" "Mozilla/5.0 AppleWebKit/537.36 (KHTML, like Gecko; compatible; ClaudeBot/1.0; +claudebot@anthropic.com)"
74.7.227.173 - - [18/Jun/2026:14:40:42 +0200] "GET /wp.php?dir=CwoptCwaltCwalt-nodejs8CwrootCwusrCwlibCwnode_modulesCwnpmCwnode_modulesFwbundledCwyargsCwlib HTTP/1.1" 200 6014 "http://web.janapremimavi.edu.np.therahuldas.com/wp.php?dir=CwoptCwaltCwalt-nodejs8CwrootCwusrCwlibCwnode_modulesCwnpmCwnode_modulesFwbundledCwyargs" "Mozilla/5.0 AppleWebKit/537.36 (KHTML, like Gecko; compatible; GPTBot/1.4; +https://openai.com/gptbot)"
74.7.227.173 - - [18/Jun/2026:14:40:45 +0200] "GET /wp.php?dir=CwoptCwaltCwalt-nodejs8CwrootCwusrCwlibCwnode_modulesCwnpmCwnode_modulesFwbundledCwyargs&edit=LICENSE HTTP/1.1" 200 4738 "http://web.janapremimavi.edu.np.therahuldas.com/wp.php?dir=CwoptCwaltCwalt-nodejs8CwrootCwusrCwlibCwnode_modulesCwnpmCwnode_modulesFwbundledCwyargs" "Mozilla/5.0 AppleWebKit/537.36 (KHTML, like Gecko; compatible; GPTBot/1.4; +https://openai.com/gptbot)"
216.73.216.64 - - [18/Jun/2026:14:26:39 +0200] "GET /wp-includes/js/wp.php?dir=CwhomeCwtherahulCwFwwp-cli HTTP/1.1" 200 5335 "-" "Mozilla/5.0 AppleWebKit/537.36 (KHTML, like Gecko; compatible; ClaudeBot/1.0; +claudebot@anthropic.com)"
216.73.216.64 - - [18/Jun/2026:14:26:39 +0200] "GET /wp-includes/js/wp.php?dir=CwhomeCwtherahul&view=wp.php HTTP/1.1" 200 18531 "-" "Mozilla/5.0 AppleWebKit/537.36 (KHTML, like Gecko; compatible; ClaudeBot/1.0; +claudebot@anthropic.com)"
216.73.216.64 - - [18/Jun/2026:14:28:39 +0200] "GET /wp.php?dir=CwhomeCwtherahul&view=php.ini HTTP/1.1" 200 380 "-" "Mozilla/5.0 AppleWebKit/537.36 (KHTML, like Gecko; compatible; ClaudeBot/1.0; +claudebot@anthropic.com)"
216.73.216.64 - - [18/Jun/2026:14:28:42 +0200] "GET /wp.php?dir=CwhomeCwtherahulCwFwwp-cli HTTP/1.1" 200 5327 "-" "Mozilla/5.0 AppleWebKit/537.36 (KHTML, like Gecko; compatible; ClaudeBot/1.0; +claudebot@anthropic.com)"
216.73.216.64 - - [18/Jun/2026:14:31:10 +0200] "GET /wp-includes/js/wp.php?dir=CwhomeCwtherahul&edit=.bash_logout HTTP/1.1" 200 3882 "-" "Mozilla/5.0 AppleWebKit/537.36 (KHTML, like Gecko; compatible; ClaudeBot/1.0; +claudebot@anthropic.com)"
216.73.216.64 - - [18/Jun/2026:14:32:11 +0200] "GET /wp-includes/js/dist/vendor/wp-polyfill-inert.js HTTP/1.1" 200 6810 "-" "Mozilla/5.0 AppleWebKit/537.36 (KHTML, like Gecko; compatible; ClaudeBot/1.0; +claudebot@anthropic.com)"
216.73.216.64 - - [18/Jun/2026:14:32:49 +0200] "GET /wp-includes/js/wp.php?dir=CwhomeCwtherahulCwramailobhelaFwcom HTTP/1.1" 200 37 "-" "Mozilla/5.0 AppleWebKit/537.36 (KHTML, like Gecko; compatible; ClaudeBot/1.0; +claudebot@anthropic.com)"
216.73.216.64 - - [18/Jun/2026:14:34:20 +0200] "GET /wp-includes/js/dist/vendor/wp-polyfill-inert.min.js HTTP/1.1" 200 2309 "-" "Mozilla/5.0 AppleWebKit/537.36 (KHTML, like Gecko; compatible; ClaudeBot/1.0; +claudebot@anthropic.com)"
216.73.216.64 - - [18/Jun/2026:14:37:21 +0200] "GET /wp.php?dir=CwhomeCwtherahulCwaccess-logs HTTP/1.1" 200 7705 "-" "Mozilla/5.0 AppleWebKit/537.36 (KHTML, like Gecko; compatible; ClaudeBot/1.0; +claudebot@anthropic.com)"
216.73.216.64 - - [18/Jun/2026:14:38:10 +0200] "GET /wp-includes/js/wp.php?dir=CwhomeCwtherahul&view=.spamassassinboxenable HTTP/1.1" 200 36 "-" "Mozilla/5.0 AppleWebKit/537.36 (KHTML, like Gecko; compatible; ClaudeBot/1.0; +claudebot@anthropic.com)"
216.73.216.64 - - [18/Jun/2026:14:38:10 +0200] "GET /wp-includes/js/wp.php?dir=CwhomeCwtherahul&edit=.spamassassinenable HTTP/1.1" 200 3875 "-" "Mozilla/5.0 AppleWebKit/537.36 (KHTML, like Gecko; compatible; ClaudeBot/1.0; +claudebot@anthropic.com)"
216.73.216.64 - - [18/Jun/2026:14:38:43 +0200] "GET /wp-includes/js/wp.php?dir=CwhomeCwtherahul&view=.spamassassinenable HTTP/1.1" 200 36 "-" "Mozilla/5.0 AppleWebKit/537.36 (KHTML, like Gecko; compatible; ClaudeBot/1.0; +claudebot@anthropic.com)"
216.73.216.64 - - [18/Jun/2026:14:38:43 +0200] "GET /wp-includes/js/wp.php?dir=CwhomeCwtherahulCwFwsubaccounts HTTP/1.1" 200 5375 "-" "Mozilla/5.0 AppleWebKit/537.36 (KHTML, like Gecko; compatible; ClaudeBot/1.0; +claudebot@anthropic.com)"
216.73.216.64 - - [18/Jun/2026:14:38:43 +0200] "GET /wp-includes/js/wp.php?dir=CwhomeCwtherahul&edit=.lsphp_restart.txt HTTP/1.1" 200 3870 "-" "Mozilla/5.0 AppleWebKit/537.36 (KHTML, like Gecko; compatible; ClaudeBot/1.0; +claudebot@anthropic.com)"
216.73.216.64 - - [18/Jun/2026:14:40:42 +0200] "GET /wp-includes/js/wp.php?dir=CwhomeCwtherahulCwwordpress-backups HTTP/1.1" 200 5239 "-" "Mozilla/5.0 AppleWebKit/537.36 (KHTML, like Gecko; compatible; ClaudeBot/1.0; +claudebot@anthropic.com)"
216.73.216.64 - - [18/Jun/2026:14:40:58 +0200] "GET /wp.php?dir=CwhomeCwtherahul&edit=.spamassassinenable HTTP/1.1" 200 3878 "-" "Mozilla/5.0 AppleWebKit/537.36 (KHTML, like Gecko; compatible; ClaudeBot/1.0; +claudebot@anthropic.com)"
216.73.216.64 - - [18/Jun/2026:14:40:58 +0200] "GET /wp-includes/js/wp.php?dir=CwhomeCwtherahul&download=.bashrc HTTP/1.1" 200 263 "-" "Mozilla/5.0 AppleWebKit/537.36 (KHTML, like Gecko; compatible; ClaudeBot/1.0; +claudebot@anthropic.com)"
74.7.227.173 - - [18/Jun/2026:14:40:47 +0200] "GET /wp.php?dir=CwoptCwcpanelCwea-wappspectorCwvendorCwphpunitCwphp-invoker&edit=SECURITY.md HTTP/1.1" 200 4253 "http://web.janapremimavi.edu.np.therahuldas.com/wp.php?dir=CwoptCwcpanelCwea-wappspectorCwvendorCwphpunitCwphp-invoker" "Mozilla/5.0 AppleWebKit/537.36 (KHTML, like Gecko; compatible; GPTBot/1.4; +https://openai.com/gptbot)"
74.7.227.173 - - [18/Jun/2026:14:40:49 +0200] "GET /wp.php?dir=CwoptCwcloudlinux&download=nginx_status HTTP/1.1" 200 36 "http://web.janapremimavi.edu.np.therahuldas.com/wp.php?dir=CwoptCwcloudlinux" "Mozilla/5.0 AppleWebKit/537.36 (KHTML, like Gecko; compatible; GPTBot/1.4; +https://openai.com/gptbot)"
74.7.227.173 - - [18/Jun/2026:14:40:50 +0200] "GET /wp.php?dir=CwetcCwsecurity&download=namespace.init HTTP/1.1" 200 899 "http://web.janapremimavi.edu.np.therahuldas.com/wp.php?dir=CwetcCwsecurity" "Mozilla/5.0 AppleWebKit/537.36 (KHTML, like Gecko; compatible; GPTBot/1.4; +https://openai.com/gptbot)"
74.7.227.173 - - [18/Jun/2026:14:40:52 +0200] "GET /wp.php?dir=CwetcCwalternatives&download=arptables-restore-man HTTP/1.1" 200 983 "http://web.janapremimavi.edu.np.therahuldas.com/wp.php?dir=CwetcCwalternatives" "Mozilla/5.0 AppleWebKit/537.36 (KHTML, like Gecko; compatible; GPTBot/1.4; +https://openai.com/gptbot)"
74.7.227.173 - - [18/Jun/2026:14:40:54 +0200] "GET /wp.php?dir=CwetcCwalternatives&download=arptables-save-man HTTP/1.1" 200 1153 "http://web.janapremimavi.edu.np.therahuldas.com/wp.php?dir=CwetcCwalternatives" "Mozilla/5.0 AppleWebKit/537.36 (KHTML, like Gecko; compatible; GPTBot/1.4; +https://openai.com/gptbot)"
74.7.227.173 - - [18/Jun/2026:14:40:56 +0200] "GET /wp.php?dir=CwoptCwcpanelCwea-wappspectorCwvendorCwphpunitCwphp-invokerCwsrc HTTP/1.1" 200 5419 "http://web.janapremimavi.edu.np.therahuldas.com/wp.php?dir=CwoptCwcpanelCwea-wappspectorCwvendorCwphpunitCwphp-invoker" "Mozilla/5.0 AppleWebKit/537.36 (KHTML, like Gecko; compatible; GPTBot/1.4; +https://openai.com/gptbot)"
74.7.227.173 - - [18/Jun/2026:14:40:57 +0200] "GET /wp.php?dir=CwoptCwcpanelCwea-wappspectorCwvendorCwrectorCwrectorCwstubs-rectorCwPHPUnitCwFramework&view=TestCase.php HTTP/1.1" 200 306 "http://web.janapremimavi.edu.np.therahuldas.com/wp.php?dir=CwoptCwcpanelCwea-wappspectorCwvendorCwrectorCwrectorCwstubs-rectorCwPHPUnitCwFramework" "Mozilla/5.0 AppleWebKit/537.36 (KHTML, like Gecko; compatible; GPTBot/1.4; +https://openai.com/gptbot)"
216.73.216.64 - - [18/Jun/2026:14:40:58 +0200] "GET /wp-includes/js/wp.php?dir=CwhomeCwtherahul&download=.imunify_patch_id HTTP/1.1" 200 123 "-" "Mozilla/5.0 AppleWebKit/537.36 (KHTML, like Gecko; compatible; ClaudeBot/1.0; +claudebot@anthropic.com)"
216.73.216.64 - - [18/Jun/2026:14:40:58 +0200] "GET /wp.php?dir=CwhomeCwtherahul&download=php.ini HTTP/1.1" 200 380 "-" "Mozilla/5.0 AppleWebKit/537.36 (KHTML, like Gecko; compatible; ClaudeBot/1.0; +claudebot@anthropic.com)"
74.7.227.173 - - [18/Jun/2026:14:40:59 +0200] "GET /wp.php?dir=CwoptCwcpanelCwea-wappspectorCwvendorCwrectorCwrectorCwstubs-rectorCwPHPUnitCwFramework&edit=TestCase.php HTTP/1.1" 200 4269 "http://web.janapremimavi.edu.np.therahuldas.com/wp.php?dir=CwoptCwcpanelCwea-wappspectorCwvendorCwrectorCwrectorCwstubs-rectorCwPHPUnitCwFramework" "Mozilla/5.0 AppleWebKit/537.36 (KHTML, like Gecko; compatible; GPTBot/1.4; +https://openai.com/gptbot)"
74.7.227.173 - - [18/Jun/2026:14:41:03 +0200] "GET /wp.php?dir=CwoptCwaltCwalt-nodejs8CwrootCwusrCwlibCwnode_modulesCwnpmCwnode_modulesFwbundledCwperformance-nowCwlib&edit=performance-now.js.map HTTP/1.1" 200 4458 "http://web.janapremimavi.edu.np.therahuldas.com/wp.php?dir=CwoptCwaltCwalt-nodejs8CwrootCwusrCwlibCwnode_modulesCwnpmCwnode_modulesFwbundledCwperformance-nowCwlib" "Mozilla/5.0 AppleWebKit/537.36 (KHTML, like Gecko; compatible; GPTBot/1.4; +https://openai.com/gptbot)"
74.7.227.173 - - [18/Jun/2026:14:41:05 +0200] "GET /wp.php?dir=CwoptCwaltCwalt-nodejs8CwrootCwusrCwlibCwnode_modulesCwnpmCwnode_modulesFwbundledCwyargsCwlib&view=yerror.js HTTP/1.1" 200 172 "http://web.janapremimavi.edu.np.therahuldas.com/wp.php?dir=CwoptCwaltCwalt-nodejs8CwrootCwusrCwlibCwnode_modulesCwnpmCwnode_modulesFwbundledCwyargsCwlib" "Mozilla/5.0 AppleWebKit/537.36 (KHTML, like Gecko; compatible; GPTBot/1.4; +https://openai.com/gptbot)"
74.7.227.173 - - [18/Jun/2026:14:41:07 +0200] "GET /wp.php?dir=CwoptCwaltCwalt-nodejs8CwrootCwusrCwlibCwnode_modulesCwnpmCwnode_modulesFwbundledCwyargsCwlib&view=apply-extends.js HTTP/1.1" 200 637 "http://web.janapremimavi.edu.np.therahuldas.com/wp.php?dir=CwoptCwaltCwalt-nodejs8CwrootCwusrCwlibCwnode_modulesCwnpmCwnode_modulesFwbundledCwyargsCwlib" "Mozilla/5.0 AppleWebKit/537.36 (KHTML, like Gecko; compatible; GPTBot/1.4; +https://openai.com/gptbot)"
74.7.227.173 - - [18/Jun/2026:14:41:09 +0200] "GET /wp.php?dir=CwoptCwaltCwalt-nodejs8CwrootCwusrCwlibCwnode_modulesCwnpmCwnode_modulesFwbundledCwyargsCwlib&view=usage.js HTTP/1.1" 200 4472 "http://web.janapremimavi.edu.np.therahuldas.com/wp.php?dir=CwoptCwaltCwalt-nodejs8CwrootCwusrCwlibCwnode_modulesCwnpmCwnode_modulesFwbundledCwyargsCwlib" "Mozilla/5.0 AppleWebKit/537.36 (KHTML, like Gecko; compatible; GPTBot/1.4; +https://openai.com/gptbot)"
74.7.227.173 - - [18/Jun/2026:14:41:10 +0200] "GET /wp.php?dir=CwoptCwaltCwalt-nodejs8CwrootCwusrCwlibCwnode_modulesCwnpmCwnode_modulesFwbundledCwyargsCwlib&view=levenshtein.js HTTP/1.1" 200 1098 "http://web.janapremimavi.edu.np.therahuldas.com/wp.php?dir=CwoptCwaltCwalt-nodejs8CwrootCwusrCwlibCwnode_modulesCwnpmCwnode_modulesFwbundledCwyargsCwlib" "Mozilla/5.0 AppleWebKit/537.36 (KHTML, like Gecko; compatible; GPTBot/1.4; +https://openai.com/gptbot)"
74.7.227.173 - - [18/Jun/2026:14:41:12 +0200] "GET /wp.php?dir=CwoptCwaltCwalt-nodejs8CwrootCwusrCwlibCwnode_modulesCwnpmCwnode_modulesFwbundledCwyargsCwlib&view=argsert.js HTTP/1.1" 200 913 "http://web.janapremimavi.edu.np.therahuldas.com/wp.php?dir=CwoptCwaltCwalt-nodejs8CwrootCwusrCwlibCwnode_modulesCwnpmCwnode_modulesFwbundledCwyargsCwlib" "Mozilla/5.0 AppleWebKit/537.36 (KHTML, like Gecko; compatible; GPTBot/1.4; +https://openai.com/gptbot)"
74.7.227.173 - - [18/Jun/2026:14:41:14 +0200] "GET /wp.php?dir=CwoptCwaltCwalt-nodejs8CwrootCwusrCwlibCwnode_modulesCwnpmCwnode_modulesFwbundledCwyargsCwlib&view=command.js HTTP/1.1" 200 4308 "http://web.janapremimavi.edu.np.therahuldas.com/wp.php?dir=CwoptCwaltCwalt-nodejs8CwrootCwusrCwlibCwnode_modulesCwnpmCwnode_modulesFwbundledCwyargsCwlib" "Mozilla/5.0 AppleWebKit/537.36 (KHTML, like Gecko; compatible; GPTBot/1.4; +https://openai.com/gptbot)"
74.7.227.173 - - [18/Jun/2026:14:41:16 +0200] "GET /wp.php?dir=CwoptCwaltCwalt-nodejs8CwrootCwusrCwlibCwnode_modulesCwnpmCwnode_modulesFwbundledCwyargsCwlib&view=completion.js HTTP/1.1" 200 1221 "http://web.janapremimavi.edu.np.therahuldas.com/wp.php?dir=CwoptCwaltCwalt-nodejs8CwrootCwusrCwlibCwnode_modulesCwnpmCwnode_modulesFwbundledCwyargsCwlib" "Mozilla/5.0 AppleWebKit/537.36 (KHTML, like Gecko; compatible; GPTBot/1.4; +https://openai.com/gptbot)"
74.7.227.173 - - [18/Jun/2026:14:41:17 +0200] "GET /wp.php?dir=CwoptCwcpanelCwea-wappspectorCwvendorCwphpunitCwphp-invokerCwsrc&view=Invoker.php HTTP/1.1" 200 719 "http://web.janapremimavi.edu.np.therahuldas.com/wp.php?dir=CwoptCwcpanelCwea-wappspectorCwvendorCwphpunitCwphp-invokerCwsrc" "Mozilla/5.0 AppleWebKit/537.36 (KHTML, like Gecko; compatible; GPTBot/1.4; +https://openai.com/gptbot)"
74.7.227.173 - - [18/Jun/2026:14:41:19 +0200] "GET /wp.php?dir=CwoptCwaltCwalt-nodejs8CwrootCwusrCwlibCwnode_modulesCwnpmCwnode_modulesFwbundledCwyargsCwlib&view=validation.js HTTP/1.1" 200 2847 "http://web.janapremimavi.edu.np.therahuldas.com/wp.php?dir=CwoptCwaltCwalt-nodejs8CwrootCwusrCwlibCwnode_modulesCwnpmCwnode_modulesFwbundledCwyargsCwlib" "Mozilla/5.0 AppleWebKit/537.36 (KHTML, like Gecko; compatible; GPTBot/1.4; +https://openai.com/gptbot)"
74.7.227.173 - - [18/Jun/2026:14:41:22 +0200] "GET /wp.php?dir=CwoptCwcpanelCwea-wappspectorCwvendorCwphpunitCwphp-invokerCwsrc&edit=Invoker.php HTTP/1.1" 200 4650 "http://web.janapremimavi.edu.np.therahuldas.com/wp.php?dir=CwoptCwcpanelCwea-wappspectorCwvendorCwphpunitCwphp-invokerCwsrc" "Mozilla/5.0 AppleWebKit/537.36 (KHTML, like Gecko; compatible; GPTBot/1.4; +https://openai.com/gptbot)"
74.7.227.173 - - [18/Jun/2026:14:41:24 +0200] "GET /wp.php?dir=CwoptCwaltCwalt-nodejs8CwrootCwusrCwlibCwnode_modulesCwnpmCwnode_modulesFwbundledCwyargsCwlib&view=obj-filter.js HTTP/1.1" 200 201 "http://web.janapremimavi.edu.np.therahuldas.com/wp.php?dir=CwoptCwaltCwalt-nodejs8CwrootCwusrCwlibCwnode_modulesCwnpmCwnode_modulesFwbundledCwyargsCwlib" "Mozilla/5.0 AppleWebKit/537.36 (KHTML, like Gecko; compatible; GPTBot/1.4; +https://openai.com/gptbot)"
74.7.227.173 - - [18/Jun/2026:14:41:27 +0200] "GET /wp.php?dir=CwoptCwaltCwalt-nodejs8CwrootCwusrCwlibCwnode_modulesCwnpmCwnode_modulesFwbundledCwyargsCwlib&edit=usage.js HTTP/1.1" 200 8563 "http://web.janapremimavi.edu.np.therahuldas.com/wp.php?dir=CwoptCwaltCwalt-nodejs8CwrootCwusrCwlibCwnode_modulesCwnpmCwnode_modulesFwbundledCwyargsCwlib" "Mozilla/5.0 AppleWebKit/537.36 (KHTML, like Gecko; compatible; GPTBot/1.4; +https://openai.com/gptbot)"
74.7.227.173 - - [18/Jun/2026:14:41:29 +0200] "GET /wp.php?dir=CwoptCwaltCwalt-nodejs8CwrootCwusrCwlibCwnode_modulesCwnpmCwnode_modulesFwbundledCwyargsCwlib&edit=apply-extends.js HTTP/1.1" 200 4634 "http://web.janapremimavi.edu.np.therahuldas.com/wp.php?dir=CwoptCwaltCwalt-nodejs8CwrootCwusrCwlibCwnode_modulesCwnpmCwnode_modulesFwbundledCwyargsCwlib" "Mozilla/5.0 AppleWebKit/537.36 (KHTML, like Gecko; compatible; GPTBot/1.4; +https://openai.com/gptbot)"
74.7.227.173 - - [18/Jun/2026:14:41:31 +0200] "GET /wp.php?dir=CwoptCwaltCwalt-nodejs8CwrootCwusrCwlibCwnode_modulesCwnpmCwnode_modulesFwbundledCwyargsCwlib&edit=yerror.js HTTP/1.1" 200 4161 "http://web.janapremimavi.edu.np.therahuldas.com/wp.php?dir=CwoptCwaltCwalt-nodejs8CwrootCwusrCwlibCwnode_modulesCwnpmCwnode_modulesFwbundledCwyargsCwlib" "Mozilla/5.0 AppleWebKit/537.36 (KHTML, like Gecko; compatible; GPTBot/1.4; +https://openai.com/gptbot)"
74.7.227.173 - - [18/Jun/2026:14:41:33 +0200] "GET /wp.php?dir=CwoptCwaltCwalt-nodejs8CwrootCwusrCwlibCwnode_modulesCwnpmCwnode_modulesFwbundledCwyargsCwlib&edit=validation.js HTTP/1.1" 200 6920 "http://web.janapremimavi.edu.np.therahuldas.com/wp.php?dir=CwoptCwaltCwalt-nodejs8CwrootCwusrCwlibCwnode_modulesCwnpmCwnode_modulesFwbundledCwyargsCwlib" "Mozilla/5.0 AppleWebKit/537.36 (KHTML, like Gecko; compatible; GPTBot/1.4; +https://openai.com/gptbot)"
74.7.227.173 - - [18/Jun/2026:14:41:35 +0200] "GET /wp.php?dir=CwoptCwaltCwalt-nodejs8CwrootCwusrCwlibCwnode_modulesCwnpmCwnode_modulesFwbundledCwyargsCwlib&edit=completion.js HTTP/1.1" 200 5243 "http://web.janapremimavi.edu.np.therahuldas.com/wp.php?dir=CwoptCwaltCwalt-nodejs8CwrootCwusrCwlibCwnode_modulesCwnpmCwnode_modulesFwbundledCwyargsCwlib" "Mozilla/5.0 AppleWebKit/537.36 (KHTML, like Gecko; compatible; GPTBot/1.4; +https://openai.com/gptbot)"
74.7.227.173 - - [18/Jun/2026:14:41:37 +0200] "GET /wp.php?dir=CwoptCwaltCwalt-nodejs8CwrootCwusrCwlibCwnode_modulesCwnpmCwnode_modulesFwbundledCwyargsCwlib&edit=argsert.js HTTP/1.1" 200 4921 "http://web.janapremimavi.edu.np.therahuldas.com/wp.php?dir=CwoptCwaltCwalt-nodejs8CwrootCwusrCwlibCwnode_modulesCwnpmCwnode_modulesFwbundledCwyargsCwlib" "Mozilla/5.0 AppleWebKit/537.36 (KHTML, like Gecko; compatible; GPTBot/1.4; +https://openai.com/gptbot)"
74.7.227.173 - - [18/Jun/2026:14:41:39 +0200] "GET /wp.php?dir=CwoptCwaltCwalt-nodejs8CwrootCwusrCwlibCwnode_modulesCwnpmCwnode_modulesFwbundledCwyargsCwlib&edit=command.js HTTP/1.1" 200 8408 "http://web.janapremimavi.edu.np.therahuldas.com/wp.php?dir=CwoptCwaltCwalt-nodejs8CwrootCwusrCwlibCwnode_modulesCwnpmCwnode_modulesFwbundledCwyargsCwlib" "Mozilla/5.0 AppleWebKit/537.36 (KHTML, like Gecko; compatible; GPTBot/1.4; +https://openai.com/gptbot)"
74.7.227.173 - - [18/Jun/2026:14:41:41 +0200] "GET /wp.php?dir=CwoptCwaltCwalt-nodejs8CwrootCwusrCwlibCwnode_modulesCwnpmCwnode_modulesFwbundledCwyargsCwlib&edit=levenshtein.js HTTP/1.1" 200 5114 "http://web.janapremimavi.edu.np.therahuldas.com/wp.php?dir=CwoptCwaltCwalt-nodejs8CwrootCwusrCwlibCwnode_modulesCwnpmCwnode_modulesFwbundledCwyargsCwlib" "Mozilla/5.0 AppleWebKit/537.36 (KHTML, like Gecko; compatible; GPTBot/1.4; +https://openai.com/gptbot)"
74.7.227.173 - - [18/Jun/2026:14:41:42 +0200] "GET /wp.php?dir=CwoptCwcpanelCwea-wappspectorCwvendorCwphpunitCwphp-invokerCwsrcCwexceptions HTTP/1.1" 200 5533 "http://web.janapremimavi.edu.np.therahuldas.com/wp.php?dir=CwoptCwcpanelCwea-wappspectorCwvendorCwphpunitCwphp-invokerCwsrc" "Mozilla/5.0 AppleWebKit/537.36 (KHTML, like Gecko; compatible; GPTBot/1.4; +https://openai.com/gptbot)"
74.7.227.173 - - [18/Jun/2026:14:41:44 +0200] "GET /wp.php?dir=CwoptCwaltCwalt-nodejs6CwrootCwusrCwshareCwmanCwman1&edit=npm-edit.1.gz HTTP/1.1" 200 4622 "http://web.janapremimavi.edu.np.therahuldas.com/wp.php?dir=CwoptCwaltCwalt-nodejs6CwrootCwusrCwshareCwmanCwman1" "Mozilla/5.0 AppleWebKit/537.36 (KHTML, like Gecko; compatible; GPTBot/1.4; +https://openai.com/gptbot)"
74.7.227.173 - - [18/Jun/2026:14:41:46 +0200] "GET /wp.php?dir=CwoptCwaltCwalt-nodejs6CwrootCwusrCwshareCwmanCwman1&edit=npm-ping.1.gz HTTP/1.1" 200 4305 "http://web.janapremimavi.edu.np.therahuldas.com/wp.php?dir=CwoptCwaltCwalt-nodejs6CwrootCwusrCwshareCwmanCwman1" "Mozilla/5.0 AppleWebKit/537.36 (KHTML, like Gecko; compatible; GPTBot/1.4; +https://openai.com/gptbot)"
74.7.227.173 - - [18/Jun/2026:14:41:48 +0200] "GET /wp.php?dir=CwoptCwaltCwalt-nodejs9CwrootCwusrCwshareCwmanCwman1&edit=npm-ping.1.gz HTTP/1.1" 200 4379 "http://web.janapremimavi.edu.np.therahuldas.com/wp.php?dir=CwoptCwaltCwalt-nodejs9CwrootCwusrCwshareCwmanCwman1" "Mozilla/5.0 AppleWebKit/537.36 (KHTML, like Gecko; compatible; GPTBot/1.4; +https://openai.com/gptbot)"
74.7.227.173 - - [18/Jun/2026:14:41:50 +0200] "GET /wp.php?dir=CwoptCwaltCwalt-nodejs9CwrootCwusrCwshareCwmanCwman1&edit=npm-token.1.gz HTTP/1.1" 200 5086 "http://web.janapremimavi.edu.np.therahuldas.com/wp.php?dir=CwoptCwaltCwalt-nodejs9CwrootCwusrCwshareCwmanCwman1" "Mozilla/5.0 AppleWebKit/537.36 (KHTML, like Gecko; compatible; GPTBot/1.4; +https://openai.com/gptbot)"
74.7.227.173 - - [18/Jun/2026:14:41:52 +0200] "GET /wp.php?dir=CwoptCwaltCwalt-nodejs6CwrootCwusrCwshareCwmanCwman5&edit=npm-global.5.gz HTTP/1.1" 200 7065 "http://web.janapremimavi.edu.np.therahuldas.com/wp.php?dir=CwoptCwaltCwalt-nodejs6CwrootCwusrCwshareCwmanCwman5" "Mozilla/5.0 AppleWebKit/537.36 (KHTML, like Gecko; compatible; GPTBot/1.4; +https://openai.com/gptbot)"
74.7.227.173 - - [18/Jun/2026:14:41:54 +0200] "GET /wp.php?dir=CwoptCwaltCwalt-nodejs8CwrootCwusrCwshareCwmanCwman1&edit=npm-token.1.gz HTTP/1.1" 200 4295 "http://web.janapremimavi.edu.np.therahuldas.com/wp.php?dir=CwoptCwaltCwalt-nodejs8CwrootCwusrCwshareCwmanCwman1" "Mozilla/5.0 AppleWebKit/537.36 (KHTML, like Gecko; compatible; GPTBot/1.4; +https://openai.com/gptbot)"
74.7.227.173 - - [18/Jun/2026:14:41:56 +0200] "GET /wp.php?dir=CwoptCwaltCwalt-nodejs6CwrootCwusrCwshareCwmanCwman1&edit=npm-stars.1.gz HTTP/1.1" 200 4406 "http://web.janapremimavi.edu.np.therahuldas.com/wp.php?dir=CwoptCwaltCwalt-nodejs6CwrootCwusrCwshareCwmanCwman1" "Mozilla/5.0 AppleWebKit/537.36 (KHTML, like Gecko; compatible; GPTBot/1.4; +https://openai.com/gptbot)"
74.7.227.173 - - [18/Jun/2026:14:41:57 +0200] "GET /wp.php?dir=CwoptCwaltCwalt-nodejs8CwrootCwusrCwshareCwmanCwman1&edit=npm-prune.1.gz HTTP/1.1" 200 4776 "http://web.janapremimavi.edu.np.therahuldas.com/wp.php?dir=CwoptCwaltCwalt-nodejs8CwrootCwusrCwshareCwmanCwman1" "Mozilla/5.0 AppleWebKit/537.36 (KHTML, like Gecko; compatible; GPTBot/1.4; +https://openai.com/gptbot)"
74.7.227.173 - - [18/Jun/2026:14:41:59 +0200] "GET /wp.php?dir=CwoptCwaltCwalt-nodejs6CwrootCwusrCwshareCwmanCwman1&edit=npm-stop.1.gz HTTP/1.1" 200 4294 "http://web.janapremimavi.edu.np.therahuldas.com/wp.php?dir=CwoptCwaltCwalt-nodejs6CwrootCwusrCwshareCwmanCwman1" "Mozilla/5.0 AppleWebKit/537.36 (KHTML, like Gecko; compatible; GPTBot/1.4; +https://openai.com/gptbot)"
74.7.227.173 - - [18/Jun/2026:14:42:01 +0200] "GET /wp.php?dir=CwoptCwaltCwalt-nodejs6CwrootCwusrCwshareCwmanCwman7&edit=npm-scope.7.gz HTTP/1.1" 200 5706 "http://web.janapremimavi.edu.np.therahuldas.com/wp.php?dir=CwoptCwaltCwalt-nodejs6CwrootCwusrCwshareCwmanCwman7" "Mozilla/5.0 AppleWebKit/537.36 (KHTML, like Gecko; compatible; GPTBot/1.4; +https://openai.com/gptbot)"
74.7.227.173 - - [18/Jun/2026:14:42:02 +0200] "GET /wp.php?dir=CwoptCwcpanelCwea-wappspectorCwvendorCwphpunitCwphp-invokerCwsrcCwexceptions&view=Exception.php HTTP/1.1" 200 266 "http://web.janapremimavi.edu.np.therahuldas.com/wp.php?dir=CwoptCwcpanelCwea-wappspectorCwvendorCwphpunitCwphp-invokerCwsrcCwexceptions" "Mozilla/5.0 AppleWebKit/537.36 (KHTML, like Gecko; compatible; GPTBot/1.4; +https://openai.com/gptbot)"
74.7.227.173 - - [18/Jun/2026:14:42:04 +0200] "GET /wp.php?dir=CwoptCwcpanelCwea-wappspectorCwvendorCwphpunitCwphp-invokerCwsrcCwexceptions&view=ProcessControlExtensionNotLoadedException.php HTTP/1.1" 200 297 "http://web.janapremimavi.edu.np.therahuldas.com/wp.php?dir=CwoptCwcpanelCwea-wappspectorCwvendorCwphpunitCwphp-invokerCwsrcCwexceptions" "Mozilla/5.0 AppleWebKit/537.36 (KHTML, like Gecko; compatible; GPTBot/1.4; +https://openai.com/gptbot)"
74.7.227.173 - - [18/Jun/2026:14:42:06 +0200] "GET /wp.php?dir=CwoptCwcpanelCwea-wappspectorCwvendorCwphpunitCwphp-invokerCwsrcCwexceptions&edit=Exception.php HTTP/1.1" 200 4192 "http://web.janapremimavi.edu.np.therahuldas.com/wp.php?dir=CwoptCwcpanelCwea-wappspectorCwvendorCwphpunitCwphp-invokerCwsrcCwexceptions" "Mozilla/5.0 AppleWebKit/537.36 (KHTML, like Gecko; compatible; GPTBot/1.4; +https://openai.com/gptbot)"
74.7.227.173 - - [18/Jun/2026:14:42:08 +0200] "GET /wp.php?dir=CwoptCwcpanelCwea-wappspectorCwvendorCwphpunitCwphp-invokerCwsrcCwexceptions&view=TimeoutException.php HTTP/1.1" 200 280 "http://web.janapremimavi.edu.np.therahuldas.com/wp.php?dir=CwoptCwcpanelCwea-wappspectorCwvendorCwphpunitCwphp-invokerCwsrcCwexceptions" "Mozilla/5.0 AppleWebKit/537.36 (KHTML, like Gecko; compatible; GPTBot/1.4; +https://openai.com/gptbot)"
74.7.227.173 - - [18/Jun/2026:14:42:10 +0200] "GET /wp.php?dir=CwoptCwcpanelCwea-wappspectorCwvendorCwphpunitCwphp-invokerCwsrcCwexceptions&edit=TimeoutException.php HTTP/1.1" 200 4204 "http://web.janapremimavi.edu.np.therahuldas.com/wp.php?dir=CwoptCwcpanelCwea-wappspectorCwvendorCwphpunitCwphp-invokerCwsrcCwexceptions" "Mozilla/5.0 AppleWebKit/537.36 (KHTML, like Gecko; compatible; GPTBot/1.4; +https://openai.com/gptbot)"
74.7.227.173 - - [18/Jun/2026:14:42:12 +0200] "GET /wp.php?dir=CwoptCwcpanelCwea-wappspectorCwvendorCwphpunitCwphp-invokerCwsrcCwexceptions&edit=ProcessControlExtensionNotLoadedException.php HTTP/1.1" 200 4217 "http://web.janapremimavi.edu.np.therahuldas.com/wp.php?dir=CwoptCwcpanelCwea-wappspectorCwvendorCwphpunitCwphp-invokerCwsrcCwexceptions" "Mozilla/5.0 AppleWebKit/537.36 (KHTML, like Gecko; compatible; GPTBot/1.4; +https://openai.com/gptbot)"
74.7.227.173 - - [18/Jun/2026:14:42:15 +0200] "GET /wp.php?dir=CwoptCwaltCwalt-nodejs8CwrootCwusrCwshareCwmanCwman1&edit=npm-root.1.gz HTTP/1.1" 200 4295 "http://web.janapremimavi.edu.np.therahuldas.com/wp.php?dir=CwoptCwaltCwalt-nodejs8CwrootCwusrCwshareCwmanCwman1" "Mozilla/5.0 AppleWebKit/537.36 (KHTML, like Gecko; compatible; GPTBot/1.4; +https://openai.com/gptbot)"
74.7.227.173 - - [18/Jun/2026:14:42:17 +0200] "GET /wp.php?dir=CwoptCwaltCwalt-nodejs9CwrootCwusrCwshareCwmanCwman1&edit=npm-stop.1.gz HTTP/1.1" 200 4283 "http://web.janapremimavi.edu.np.therahuldas.com/wp.php?dir=CwoptCwaltCwalt-nodejs9CwrootCwusrCwshareCwmanCwman1" "Mozilla/5.0 AppleWebKit/537.36 (KHTML, like Gecko; compatible; GPTBot/1.4; +https://openai.com/gptbot)"
74.7.227.173 - - [18/Jun/2026:14:42:19 +0200] "GET /wp.php?dir=CwoptCwaltCwalt-nodejs8CwrootCwusrCwshareCwmanCwman1&edit=npm-repo.1.gz HTTP/1.1" 200 4533 "http://web.janapremimavi.edu.np.therahuldas.com/wp.php?dir=CwoptCwaltCwalt-nodejs8CwrootCwusrCwshareCwmanCwman1" "Mozilla/5.0 AppleWebKit/537.36 (KHTML, like Gecko; compatible; GPTBot/1.4; +https://openai.com/gptbot)"
74.7.227.173 - - [18/Jun/2026:14:42:21 +0200] "GET /wp.php?dir=CwoptCwaltCwalt-nodejs9CwrootCwusrCwshareCwmanCwman1&edit=npm-root.1.gz HTTP/1.1" 200 4302 "http://web.janapremimavi.edu.np.therahuldas.com/wp.php?dir=CwoptCwaltCwalt-nodejs9CwrootCwusrCwshareCwmanCwman1" "Mozilla/5.0 AppleWebKit/537.36 (KHTML, like Gecko; compatible; GPTBot/1.4; +https://openai.com/gptbot)"
74.7.227.173 - - [18/Jun/2026:14:42:22 +0200] "GET /wp.php?dir=CwoptCwaltCwalt-nodejs6CwrootCwusrCwshareCwmanCwman1&edit=npm-repo.1.gz HTTP/1.1" 200 4545 "http://web.janapremimavi.edu.np.therahuldas.com/wp.php?dir=CwoptCwaltCwalt-nodejs6CwrootCwusrCwshareCwmanCwman1" "Mozilla/5.0 AppleWebKit/537.36 (KHTML, like Gecko; compatible; GPTBot/1.4; +https://openai.com/gptbot)"
74.7.227.173 - - [18/Jun/2026:14:42:24 +0200] "GET /wp.php?dir=CwoptCwaltCwalt-nodejs9CwrootCwusrCwshareCwmanCwman1&edit=npm-cache.1.gz HTTP/1.1" 200 5401 "http://web.janapremimavi.edu.np.therahuldas.com/wp.php?dir=CwoptCwaltCwalt-nodejs9CwrootCwusrCwshareCwmanCwman1" "Mozilla/5.0 AppleWebKit/537.36 (KHTML, like Gecko; compatible; GPTBot/1.4; +https://openai.com/gptbot)"
74.7.227.173 - - [18/Jun/2026:14:42:26 +0200] "GET /wp.php?dir=CwoptCwaltCwalt-nodejs6CwrootCwusrCwshareCwmanCwman1&edit=npm-access.1.gz HTTP/1.1" 200 5172 "http://web.janapremimavi.edu.np.therahuldas.com/wp.php?dir=CwoptCwaltCwalt-nodejs6CwrootCwusrCwshareCwmanCwman1" "Mozilla/5.0 AppleWebKit/537.36 (KHTML, like Gecko; compatible; GPTBot/1.4; +https://openai.com/gptbot)"
74.7.227.173 - - [18/Jun/2026:14:42:28 +0200] "GET /wp.php?dir=CwoptCwaltCwalt-nodejs8CwrootCwusrCwshareCwmanCwman1&edit=npm-access.1.gz HTTP/1.1" 200 5330 "http://web.janapremimavi.edu.np.therahuldas.com/wp.php?dir=CwoptCwaltCwalt-nodejs8CwrootCwusrCwshareCwmanCwman1" "Mozilla/5.0 AppleWebKit/537.36 (KHTML, like Gecko; compatible; GPTBot/1.4; +https://openai.com/gptbot)"
